{"id":10419,"date":"2021-07-19T14:29:13","date_gmt":"2021-07-19T17:29:13","guid":{"rendered":"http:\/\/sobradinho.rs.gov.br\/portal\/?page_id=10419"},"modified":"2021-11-25T13:33:09","modified_gmt":"2021-11-25T16:33:09","slug":"vacinacao-do-covid","status":"publish","type":"page","link":"http:\/\/www.sobradinho.rs.gov.br\/portal\/?page_id=10419","title":{"rendered":"Ordem dos grupos priorit\u00e1rios com quantitativos de pessoas"},"content":{"rendered":"\n<p><strong>Doses aplicadas no munic\u00edpio<\/strong><\/p>\n\n\n\n<figure class=\"wp-block-table\"><table><tbody><tr><th>Grupos vacin\u00e1veis<\/th><th>1\u00aa dose<\/th><th>2\u00aa dose<\/th><th>Dose \u00danica<\/th><td><strong>Dose refor\u00e7o<\/strong><\/td><th>Total<\/th><\/tr><tr><td>Povos e Comunidades Tradicionais<\/td><td>0<\/td><td>1<\/td><td>0<\/td><td>0<\/td><td>1<\/td><\/tr><tr><td>For\u00e7as Armadas (membros ativos)<\/td><td>0<\/td><td>1<\/td><td>0<\/td><td>0<\/td><td>1<\/td><\/tr><tr><td>Funcion\u00e1rio do Sistema de Priva\u00e7\u00e3o de Liberdade<\/td><td>0<\/td><td>1<\/td><td>0<\/td><td>0<\/td><td>1<\/td><\/tr><tr><td>Trabalhadores Industriais<\/td><td>0<\/td><td>3<\/td><td>26<\/td><td>0<\/td><td>29<\/td><\/tr><tr><td>Pessoas em Situa\u00e7\u00e3o de Rua<\/td><td>1<\/td><td>1<\/td><td>0<\/td><td>0<\/td><td>2<\/td><\/tr><tr><td>Outros<\/td><td>13<\/td><td>9<\/td><td>0<\/td><td>0<\/td><td>22<\/td><\/tr><tr><td>N\u00e3o informado<\/td><td>1<\/td><td>0<\/td><td>0<\/td><td>0<\/td><td>1<\/td><\/tr><tr><td>Pessoas de 60 anos ou mais institucionalizadas<\/td><td>10<\/td><td>11<\/td><td>0<\/td><td>6<\/td><td>27<\/td><\/tr><tr><td>Pu\u00e9rpera<\/td><td>14<\/td><td>12<\/td><td>0<\/td><td>0<\/td><td>26<\/td><\/tr><tr><td>For\u00e7as de Seguran\u00e7a e Salvamento<\/td><td>43<\/td><td>39<\/td><td>0<\/td><td>0<\/td><td>82<\/td><\/tr><tr><td>Gestante<\/td><td>81<\/td><td>77<\/td><td>0<\/td><td>0<\/td><td>158<\/td><\/tr><tr><td>Popula\u00e7\u00e3o Privada de Liberdade<\/td><td>189<\/td><td>156<\/td><td>0<\/td><td>0<\/td><td>345<\/td><\/tr><tr><td>Inconsistente<\/td><td>599<\/td><td>74<\/td><td>0<\/td><td>0<\/td><td>673<\/td><\/tr><tr><td>Pessoas de 75 a 79 anos<\/td><td>343<\/td><td>334<\/td><td>0<\/td><td>217<\/td><td>894<\/td><\/tr><tr><td>Pessoas de 80 anos ou mais<\/td><td>366<\/td><td>363<\/td><td>0<\/td><td>236<\/td><td>965<\/td><\/tr><tr><td>Trabalhadores de Limpeza Urbana<\/td><td>17<\/td><td>17<\/td><td>1<\/td><td>0<\/td><td>35<\/td><\/tr><tr><td>Pessoas com Defici\u00eancia<\/td><td>111<\/td><td>105<\/td><td>1<\/td><td>0<\/td><td>217<\/td><\/tr><tr><td>Trabalhadores de Transporte<\/td><td>243<\/td><td>228<\/td><td>17<\/td><td>0<\/td><td>488<\/td><\/tr><tr><td>Trabalhadores da Educa\u00e7\u00e3o<\/td><td>300<\/td><td>298<\/td><td>2<\/td><td>0<\/td><td>600<\/td><\/tr><tr><td>Pessoas de 70 a 74 anos<\/td><td>510<\/td><td>525<\/td><td>2<\/td><td>327<\/td><td>1.364<\/td><\/tr><tr><td>Trabalhadores de Sa\u00fade<\/td><td>650<\/td><td>642<\/td><td>2<\/td><td>280<\/td><td>1.574<\/td><\/tr><tr><td>Comorbidades<\/td><td>1.027<\/td><td>1.008<\/td><td>16<\/td><td>12<\/td><td>2.063<\/td><\/tr><tr><td>Pessoas de 18 a 59 anos<\/td><td>5.182<\/td><td>4.597<\/td><td>392<\/td><td>8<\/td><td>10.179<\/td><\/tr><tr><td>Pessoas de 60 a 64 anos<\/td><td>785<\/td><td>778<\/td><td>3<\/td><td>28<\/td><td>1.594<\/td><\/tr><tr><td>Pessoas de 65 a 69 anos<\/td><td>734<\/td><td>724<\/td><td>1<\/td><td>275<\/td><td>1.734<\/td><\/tr><\/tbody><\/table><\/figure>\n\n\n\n<p><span class=\"has-inline-color has-vivid-red-color\">18 a 19 anos<\/span><br>Dias 25 e 26\/08\/2021<span class=\"has-inline-color has-vivid-red-color\"><br>N\u00famero estimado de pessoas desta faixa et\u00e1ria 379<br>Hor\u00e1rio de vacina\u00e7\u00e3o em todas as unidades de sa\u00fade<br>07:45 as 11:15<\/span><\/p>\n\n\n\n<p><span class=\"has-inline-color has-vivid-red-color\">Posto de sa\u00fade central<br>3742-1164<\/span><\/p>\n\n\n\n<p><span class=\"has-inline-color has-vivid-red-color\">Esf 4 Vera Cruz<br>51-3742-2151<\/span><\/p>\n\n\n\n<p><span class=\"has-inline-color has-vivid-red-color\">Esf 3 rio Branco<br>51-3742-3576<\/span><\/p>\n\n\n\n<p><span class=\"has-inline-color has-vivid-red-color\">Esf 2 baixada<br>51-3742-3399<\/span><\/p>\n\n\n\n<p><span class=\"has-inline-color has-vivid-red-color\">Esf 1 copetti<br>51-3742-2611<\/span><\/p>\n\n\n\n<p>20 a 24 anos<br>N\u00famero estimado de pessoas desta faixa et\u00e1ria 1046<br>Hor\u00e1rio de vacina\u00e7\u00e3o em todas as unidades de sa\u00fade<br>07:45 as 11:15<\/p>\n\n\n\n<p>23\/08\/2021<br>Neste dia foi vacinado<br>210 pessoas entre todas as unidades<\/p>\n\n\n\n<p>20\/08\/2021<br>Neste dia foi vacinado<br>210 pessoas entre todas as unidades<\/p>\n\n\n\n<p>19\/08\/2021<br>Neste dia foi vacinado<br>210 pessoas entre todas as unidades<\/p>\n\n\n\n<p>18\/08\/2021<br>Neste dia foi vacinado<br>210 pessoas entre todas as unidades<\/p>\n\n\n\n<p>17\/08\/2021<br>Neste dia foi vacinado<br>210 pessoas entre todas as unidades<\/p>\n\n\n\n<p>25 a 29 anos<br>N\u00famero estimado de pessoas a serem vacinadas 1597<br>Hor\u00e1rio da vacina\u00e7\u00e3o<br>7:45 as 11:15<br>Em todas as unidades de sa\u00fade<\/p>\n\n\n\n<p>13\/08\/2021<br>Neste dia foi vacinado<br>320 pessoas entre todas as unidades<\/p>\n\n\n\n<p>12\/08\/2021<br>Neste dia foi vacinado<br>320 pessoas entre todas as unidades<\/p>\n\n\n\n<p>11\/08\/2021<br>Neste dia foi vacinado<br>320 pessoas entre todas as unidades<\/p>\n\n\n\n<p>09\/08\/2021<br>Neste dia foi vacinado<br>320 pessoas entre todas as unidades<\/p>\n\n\n\n<p>06\/08\/21<br>Neste dia foi vacinado 320 pessoas entre todas as unidades<br>Posto de sa\u00fade central<\/p>\n\n\n\n<p>Arquivos para download:<\/p>\n\n\n<p style=\"color: red;\">There are no download items matching this category criteria.<\/p>\n","protected":false},"excerpt":{"rendered":"<p>Doses aplicadas no munic\u00edpio Grupos vacin\u00e1veis 1\u00aa dose 2\u00aa dose Dose \u00danica Dose refor\u00e7o Total Povos e Comunidades Tradicionais 0 [&hellip;]<\/p>\n","protected":false},"author":2,"featured_media":0,"parent":0,"menu_order":0,"comment_status":"closed","ping_status":"closed","template":"","meta":{"_eb_attr":"","site-sidebar-layout":"default","site-content-layout":"","ast-site-content-layout":"default","site-content-style":"default","site-sidebar-style":"default","ast-global-header-display":"","ast-banner-title-visibility":"","ast-main-header-display":"","ast-hfb-above-header-display":"","ast-hfb-below-header-display":"","ast-hfb-mobile-header-display":"","site-post-title":"","ast-breadcrumbs-content":"","ast-featured-img":"","footer-sml-layout":"","theme-transparent-header-meta":"","adv-header-id-meta":"","stick-header-meta":"","header-above-stick-meta":"","header-main-stick-meta":"","header-below-stick-meta":"","astra-migrate-meta-layouts":"default","ast-page-background-enabled":"default","ast-page-background-meta":{"desktop":{"background-color":"var(--ast-global-color-4)","background-image":"","background-repeat":"repeat","background-position":"center center","background-size":"auto","background-attachment":"scroll","background-type":"","background-media":"","overlay-type":"","overlay-color":"","overlay-opacity":"","overlay-gradient":""},"tablet":{"background-color":"","background-image":"","background-repeat":"repeat","background-position":"center center","background-size":"auto","background-attachment":"scroll","background-type":"","background-media":"","overlay-type":"","overlay-color":"","overlay-opacity":"","overlay-gradient":""},"mobile":{"background-color":"","background-image":"","background-repeat":"repeat","background-position":"center center","background-size":"auto","background-attachment":"scroll","background-type":"","background-media":"","overlay-type":"","overlay-color":"","overlay-opacity":"","overlay-gradient":""}},"ast-content-background-meta":{"desktop":{"background-color":"var(--ast-global-color-5)","background-image":"","background-repeat":"repeat","background-position":"center center","background-size":"auto","background-attachment":"scroll","background-type":"","background-media":"","overlay-type":"","overlay-color":"","overlay-opacity":"","overlay-gradient":""},"tablet":{"background-color":"var(--ast-global-color-5)","background-image":"","background-repeat":"repeat","background-position":"center center","background-size":"auto","background-attachment":"scroll","background-type":"","background-media":"","overlay-type":"","overlay-color":"","overlay-opacity":"","overlay-gradient":""},"mobile":{"background-color":"var(--ast-global-color-5)","background-image":"","background-repeat":"repeat","background-position":"center center","background-size":"auto","background-attachment":"scroll","background-type":"","background-media":"","overlay-type":"","overlay-color":"","overlay-opacity":"","overlay-gradient":""}},"footnotes":""},"class_list":["post-10419","page","type-page","status-publish","hentry"],"_links":{"self":[{"href":"http:\/\/www.sobradinho.rs.gov.br\/portal\/index.php?rest_route=\/wp\/v2\/pages\/10419","targetHints":{"allow":["GET"]}}],"collection":[{"href":"http:\/\/www.sobradinho.rs.gov.br\/portal\/index.php?rest_route=\/wp\/v2\/pages"}],"about":[{"href":"http:\/\/www.sobradinho.rs.gov.br\/portal\/index.php?rest_route=\/wp\/v2\/types\/page"}],"author":[{"embeddable":true,"href":"http:\/\/www.sobradinho.rs.gov.br\/portal\/index.php?rest_route=\/wp\/v2\/users\/2"}],"replies":[{"embeddable":true,"href":"http:\/\/www.sobradinho.rs.gov.br\/portal\/index.php?rest_route=%2Fwp%2Fv2%2Fcomments&post=10419"}],"version-history":[{"count":20,"href":"http:\/\/www.sobradinho.rs.gov.br\/portal\/index.php?rest_route=\/wp\/v2\/pages\/10419\/revisions"}],"predecessor-version":[{"id":11756,"href":"http:\/\/www.sobradinho.rs.gov.br\/portal\/index.php?rest_route=\/wp\/v2\/pages\/10419\/revisions\/11756"}],"wp:attachment":[{"href":"http:\/\/www.sobradinho.rs.gov.br\/portal\/index.php?rest_route=%2Fwp%2Fv2%2Fmedia&parent=10419"}],"curies":[{"name":"wp","href":"https:\/\/api.w.org\/{rel}","templated":true}]}}