{"id":10752,"date":"2021-08-18T15:22:29","date_gmt":"2021-08-18T18:22:29","guid":{"rendered":"http:\/\/sobradinho.rs.gov.br\/portal\/?page_id=10752"},"modified":"2021-08-24T15:49:33","modified_gmt":"2021-08-24T18:49:33","slug":"ouvidoria-covid19","status":"publish","type":"page","link":"http:\/\/www.sobradinho.rs.gov.br\/portal\/?page_id=10752","title":{"rendered":"Ouvidoria Covid19"},"content":{"rendered":"\n<p>A Ouvidoria \u00e9 um espa\u00e7o de cidadania e de comunica\u00e7\u00e3o entre o cidad\u00e3o e a gest\u00e3o o qual garante as manifesta\u00e7\u00f5es e contribui\u00e7\u00f5es da popula\u00e7\u00e3o, buscando a melhoria da qualidade dos servi\u00e7os de sa\u00fade, permitindo a constru\u00e7\u00e3o de uma sociedade mais informada e participativa.<\/p>\n\n\n\n<p><strong>Aqui voc\u00ea pode manifestar suas reclama\u00e7\u00f5es, sugest\u00f5es, solicita\u00e7\u00f5es, den\u00fancias, elogios, bem como solicitar informa\u00e7\u00f5es relativas \u00e0 sa\u00fade.<\/strong><\/p>\n\n\n\n<p>Telefone&nbsp;<strong>Ouvidoria SES\/RS:<\/strong>&nbsp;0800 6450 644&nbsp;&nbsp; E-mail:&nbsp;<a href=\"mailto:ouvidoria-sus@saude.rs.gov.br\" target=\"_blank\" rel=\"noreferrer noopener\">ouvidoria-sus@saude.rs.gov.br<\/a>&nbsp;<\/p>\n\n\n\n<p>Links: Registre aqui a sua manifesta\u00e7\u00e3o:(<a href=\"http:\/\/ouvprod01.saude.gov.br\/ouvidor\/CadastroDemandaPortal.do\">http:\/\/ouvprod01.saude.gov.br\/ouvidor\/CadastroDemandaPortal.do<\/a>) ou&nbsp;<a href=\"http:\/\/ouvprod01.saude.gov.br\/ouvidor\/AcompanhamentoDemandaPortal.do\">Acompanhe aqui a sua manifesta\u00e7\u00e3o<\/a>&nbsp;(<a href=\"http:\/\/ouvprod01.saude.gov.br\/ouvidor\/AcompanhamentoDemandaPortal.do\">http:\/\/ouvprod01.saude.gov.br\/ouvidor\/AcompanhamentoDemandaPortal.do<\/a>)<\/p>\n\n\n\n<p>Telefone da&nbsp;<strong>Ouvidoria SUS Municipal<\/strong>: 3742 1164<\/p>\n\n\n\n<p>E-mail Ouvidoria SUS Municipal: saude@sobradinho-rs.com.br<\/p>\n\n\n\n<p><strong>Posto de Sa\u00fade Bairro Copetti<\/strong> &#8211; Rua Ar\u00e3o Rodrigues de Souza, n\u00b0 36, Bairro Copetti &#8211;  Telefone 3742-2611<\/p>\n\n\n\n<p><strong>Posto de Sa\u00fade Bairro Rio Branco<\/strong> &#8211; Prof. Ivo Rathke n\u00b0149 Bairro Rio Branco &#8211; Telefone 3742-3576<\/p>\n\n\n\n<p><strong>Posto de Sa\u00fade Bairro Baixada<\/strong> &#8211; Rua Frederico Mundstock n\u00ba 117 Bairro Baixada &#8211; Telefone 3742-3399<\/p>\n\n\n\n<p><strong>Posto de Sa\u00fade<\/strong> <strong>Bairro Vera Cruz<\/strong> &#8211; Rua Anita Garibaldi n\u00b0 54 Bairro Vera Cruz &#8211; Telefone 3742-2151<\/p>\n\n\n\n<p><strong>Posto de Sa\u00fade Central<\/strong> &#8211; Rua Jo\u00e3o Alfredo n\u00b0 77 Bairro Centro &#8211; Telefone<br>3742-1164<\/p>\n\n\n\n<p>Todas as unidades de sa\u00fade funcionam das 7h30 \u00e0s 11h30 e das 13h \u00e0s 17 horas<\/p>\n\n\n\n<p>Telefone\u00a0<strong>Ouvidoria Municipal Fala.BR Sobradinho<\/strong>\u00a0(Controladoria Geral da Uni\u00e3o): (51) 3742 &#8211; 1098 \u2013  Link: <a href=\"https:\/\/falabr.cgu.gov.br\/publico\/RS\/Sobradinho\/Manifestacao\/RegistrarManifestacao\" target=\"_blank\" rel=\"noreferrer noopener\">https:\/\/falabr.cgu.gov.br\/publico\/RS\/Sobradinho\/Manifestacao\/RegistrarManifestacao<\/a><\/p>\n","protected":false},"excerpt":{"rendered":"<p>A Ouvidoria \u00e9 um espa\u00e7o de cidadania e de comunica\u00e7\u00e3o entre o cidad\u00e3o e a gest\u00e3o o qual garante as [&hellip;]<\/p>\n","protected":false},"author":2,"featured_media":0,"parent":0,"menu_order":0,"comment_status":"closed","ping_status":"closed","template":"","meta":{"_eb_attr":"","site-sidebar-layout":"default","site-content-layout":"","ast-site-content-layout":"default","site-content-style":"default","site-sidebar-style":"default","ast-global-header-display":"","ast-banner-title-visibility":"","ast-main-header-display":"","ast-hfb-above-header-display":"","ast-hfb-below-header-display":"","ast-hfb-mobile-header-display":"","site-post-title":"","ast-breadcrumbs-content":"","ast-featured-img":"","footer-sml-layout":"","theme-transparent-header-meta":"","adv-header-id-meta":"","stick-header-meta":"","header-above-stick-meta":"","header-main-stick-meta":"","header-below-stick-meta":"","astra-migrate-meta-layouts":"default","ast-page-background-enabled":"default","ast-page-background-meta":{"desktop":{"background-color":"var(--ast-global-color-4)","background-image":"","background-repeat":"repeat","background-position":"center center","background-size":"auto","background-attachment":"scroll","background-type":"","background-media":"","overlay-type":"","overlay-color":"","overlay-opacity":"","overlay-gradient":""},"tablet":{"background-color":"","background-image":"","background-repeat":"repeat","background-position":"center center","background-size":"auto","background-attachment":"scroll","background-type":"","background-media":"","overlay-type":"","overlay-color":"","overlay-opacity":"","overlay-gradient":""},"mobile":{"background-color":"","background-image":"","background-repeat":"repeat","background-position":"center center","background-size":"auto","background-attachment":"scroll","background-type":"","background-media":"","overlay-type":"","overlay-color":"","overlay-opacity":"","overlay-gradient":""}},"ast-content-background-meta":{"desktop":{"background-color":"var(--ast-global-color-5)","background-image":"","background-repeat":"repeat","background-position":"center center","background-size":"auto","background-attachment":"scroll","background-type":"","background-media":"","overlay-type":"","overlay-color":"","overlay-opacity":"","overlay-gradient":""},"tablet":{"background-color":"var(--ast-global-color-5)","background-image":"","background-repeat":"repeat","background-position":"center center","background-size":"auto","background-attachment":"scroll","background-type":"","background-media":"","overlay-type":"","overlay-color":"","overlay-opacity":"","overlay-gradient":""},"mobile":{"background-color":"var(--ast-global-color-5)","background-image":"","background-repeat":"repeat","background-position":"center center","background-size":"auto","background-attachment":"scroll","background-type":"","background-media":"","overlay-type":"","overlay-color":"","overlay-opacity":"","overlay-gradient":""}},"footnotes":""},"class_list":["post-10752","page","type-page","status-publish","hentry"],"_links":{"self":[{"href":"http:\/\/www.sobradinho.rs.gov.br\/portal\/index.php?rest_route=\/wp\/v2\/pages\/10752","targetHints":{"allow":["GET"]}}],"collection":[{"href":"http:\/\/www.sobradinho.rs.gov.br\/portal\/index.php?rest_route=\/wp\/v2\/pages"}],"about":[{"href":"http:\/\/www.sobradinho.rs.gov.br\/portal\/index.php?rest_route=\/wp\/v2\/types\/page"}],"author":[{"embeddable":true,"href":"http:\/\/www.sobradinho.rs.gov.br\/portal\/index.php?rest_route=\/wp\/v2\/users\/2"}],"replies":[{"embeddable":true,"href":"http:\/\/www.sobradinho.rs.gov.br\/portal\/index.php?rest_route=%2Fwp%2Fv2%2Fcomments&post=10752"}],"version-history":[{"count":4,"href":"http:\/\/www.sobradinho.rs.gov.br\/portal\/index.php?rest_route=\/wp\/v2\/pages\/10752\/revisions"}],"predecessor-version":[{"id":10849,"href":"http:\/\/www.sobradinho.rs.gov.br\/portal\/index.php?rest_route=\/wp\/v2\/pages\/10752\/revisions\/10849"}],"wp:attachment":[{"href":"http:\/\/www.sobradinho.rs.gov.br\/portal\/index.php?rest_route=%2Fwp%2Fv2%2Fmedia&parent=10752"}],"curies":[{"name":"wp","href":"https:\/\/api.w.org\/{rel}","templated":true}]}}