{"id":10768,"date":"2021-08-18T15:30:44","date_gmt":"2021-08-18T18:30:44","guid":{"rendered":"http:\/\/sobradinho.rs.gov.br\/portal\/?page_id=10768"},"modified":"2021-11-24T15:07:26","modified_gmt":"2021-11-24T18:07:26","slug":"sobre-o-virus","status":"publish","type":"page","link":"http:\/\/www.sobradinho.rs.gov.br\/portal\/?page_id=10768","title":{"rendered":"Sobre o V\u00edrus"},"content":{"rendered":"\n<p>O coronav\u00edrus (COVID-19) \u00e9 uma doen\u00e7a infecciosa causada por um novo v\u00edrus que nunca havia sido identificado em humanos.<br>O v\u00edrus causa uma doen\u00e7a respirat\u00f3ria semelhante \u00e0 gripe e tem sintomas como tosse, febre e, em casos mais graves, pneumonia. \u00c9 poss\u00edvel se proteger ao lavar as m\u00e3os com frequ\u00eancia e evitar tocar no rosto.<\/p>\n\n\n\n<p>Transmiss\u00e3o<\/p>\n\n\n\n<p>A principal forma de cont\u00e1gio do novo coronav\u00edrus \u00e9 o contato com uma pessoa infectada, que transmite o v\u00edrus por meio de tosse, espirros, got\u00edculas de saliva ou coriza.<\/p>\n\n\n\n<p>Fonte: https:\/\/www.who.int\/emergencies\/diseases\/novel-coronavirus-2019<\/p>\n\n\n\n<p><\/p>\n\n\n\n<p><strong>A Secretaria de Sa\u00fade alerta!<\/strong><\/p>\n\n\n\n<p>A vacina\u00e7\u00e3o \u00e9 a forma mais eficaz de frear a contamina\u00e7\u00e3o e o surgimento de novas variantes do coronav\u00edrus. Apenas a imuniza\u00e7\u00e3o em massa protege todas as pessoas da comunidade e diminui o risco de cont\u00e1gio.<br>Se voc\u00ea est\u00e1 com a 2\u00aa ou a 3\u00aa dose em atraso, procure o ESF de sua refer\u00eancia, aplique a vacina e complete sua imuniza\u00e7\u00e3o. S\u00f3 assim a pandemia ter\u00e1 fim!<br>Fa\u00e7a sua parte!<\/p>\n\n\n\n<figure class=\"wp-block-image size-large\"><img fetchpriority=\"high\" decoding=\"async\" width=\"1024\" height=\"1020\" src=\"http:\/\/sobradinho.rs.gov.br\/portal\/wp-content\/uploads\/2021\/11\/VACINAS-COVID-1024x1020.jpg\" alt=\"\" class=\"wp-image-11741\" srcset=\"http:\/\/www.sobradinho.rs.gov.br\/portal\/wp-content\/uploads\/2021\/11\/VACINAS-COVID-1024x1020.jpg 1024w, http:\/\/www.sobradinho.rs.gov.br\/portal\/wp-content\/uploads\/2021\/11\/VACINAS-COVID-300x300.jpg 300w, http:\/\/www.sobradinho.rs.gov.br\/portal\/wp-content\/uploads\/2021\/11\/VACINAS-COVID-150x150.jpg 150w, http:\/\/www.sobradinho.rs.gov.br\/portal\/wp-content\/uploads\/2021\/11\/VACINAS-COVID-768x765.jpg 768w, http:\/\/www.sobradinho.rs.gov.br\/portal\/wp-content\/uploads\/2021\/11\/VACINAS-COVID-1536x1530.jpg 1536w, http:\/\/www.sobradinho.rs.gov.br\/portal\/wp-content\/uploads\/2021\/11\/VACINAS-COVID-2048x2039.jpg 2048w, http:\/\/www.sobradinho.rs.gov.br\/portal\/wp-content\/uploads\/2021\/11\/VACINAS-COVID-147x146.jpg 147w, http:\/\/www.sobradinho.rs.gov.br\/portal\/wp-content\/uploads\/2021\/11\/VACINAS-COVID-50x50.jpg 50w, http:\/\/www.sobradinho.rs.gov.br\/portal\/wp-content\/uploads\/2021\/11\/VACINAS-COVID-75x75.jpg 75w, http:\/\/www.sobradinho.rs.gov.br\/portal\/wp-content\/uploads\/2021\/11\/VACINAS-COVID-85x85.jpg 85w, http:\/\/www.sobradinho.rs.gov.br\/portal\/wp-content\/uploads\/2021\/11\/VACINAS-COVID-80x80.jpg 80w\" sizes=\"(max-width: 1024px) 100vw, 1024px\" \/><\/figure>\n\n\n\n<p><\/p>\n","protected":false},"excerpt":{"rendered":"<p>O coronav\u00edrus (COVID-19) \u00e9 uma doen\u00e7a infecciosa causada por um novo v\u00edrus que nunca havia sido identificado em humanos.O v\u00edrus [&hellip;]<\/p>\n","protected":false},"author":2,"featured_media":0,"parent":0,"menu_order":0,"comment_status":"closed","ping_status":"closed","template":"","meta":{"_eb_attr":"","site-sidebar-layout":"default","site-content-layout":"","ast-site-content-layout":"default","site-content-style":"default","site-sidebar-style":"default","ast-global-header-display":"","ast-banner-title-visibility":"","ast-main-header-display":"","ast-hfb-above-header-display":"","ast-hfb-below-header-display":"","ast-hfb-mobile-header-display":"","site-post-title":"","ast-breadcrumbs-content":"","ast-featured-img":"","footer-sml-layout":"","theme-transparent-header-meta":"","adv-header-id-meta":"","stick-header-meta":"","header-above-stick-meta":"","header-main-stick-meta":"","header-below-stick-meta":"","astra-migrate-meta-layouts":"default","ast-page-background-enabled":"default","ast-page-background-meta":{"desktop":{"background-color":"var(--ast-global-color-4)","background-image":"","background-repeat":"repeat","background-position":"center center","background-size":"auto","background-attachment":"scroll","background-type":"","background-media":"","overlay-type":"","overlay-color":"","overlay-opacity":"","overlay-gradient":""},"tablet":{"background-color":"","background-image":"","background-repeat":"repeat","background-position":"center center","background-size":"auto","background-attachment":"scroll","background-type":"","background-media":"","overlay-type":"","overlay-color":"","overlay-opacity":"","overlay-gradient":""},"mobile":{"background-color":"","background-image":"","background-repeat":"repeat","background-position":"center center","background-size":"auto","background-attachment":"scroll","background-type":"","background-media":"","overlay-type":"","overlay-color":"","overlay-opacity":"","overlay-gradient":""}},"ast-content-background-meta":{"desktop":{"background-color":"var(--ast-global-color-5)","background-image":"","background-repeat":"repeat","background-position":"center center","background-size":"auto","background-attachment":"scroll","background-type":"","background-media":"","overlay-type":"","overlay-color":"","overlay-opacity":"","overlay-gradient":""},"tablet":{"background-color":"var(--ast-global-color-5)","background-image":"","background-repeat":"repeat","background-position":"center center","background-size":"auto","background-attachment":"scroll","background-type":"","background-media":"","overlay-type":"","overlay-color":"","overlay-opacity":"","overlay-gradient":""},"mobile":{"background-color":"var(--ast-global-color-5)","background-image":"","background-repeat":"repeat","background-position":"center center","background-size":"auto","background-attachment":"scroll","background-type":"","background-media":"","overlay-type":"","overlay-color":"","overlay-opacity":"","overlay-gradient":""}},"footnotes":""},"class_list":["post-10768","page","type-page","status-publish","hentry"],"_links":{"self":[{"href":"http:\/\/www.sobradinho.rs.gov.br\/portal\/index.php?rest_route=\/wp\/v2\/pages\/10768","targetHints":{"allow":["GET"]}}],"collection":[{"href":"http:\/\/www.sobradinho.rs.gov.br\/portal\/index.php?rest_route=\/wp\/v2\/pages"}],"about":[{"href":"http:\/\/www.sobradinho.rs.gov.br\/portal\/index.php?rest_route=\/wp\/v2\/types\/page"}],"author":[{"embeddable":true,"href":"http:\/\/www.sobradinho.rs.gov.br\/portal\/index.php?rest_route=\/wp\/v2\/users\/2"}],"replies":[{"embeddable":true,"href":"http:\/\/www.sobradinho.rs.gov.br\/portal\/index.php?rest_route=%2Fwp%2Fv2%2Fcomments&post=10768"}],"version-history":[{"count":3,"href":"http:\/\/www.sobradinho.rs.gov.br\/portal\/index.php?rest_route=\/wp\/v2\/pages\/10768\/revisions"}],"predecessor-version":[{"id":11746,"href":"http:\/\/www.sobradinho.rs.gov.br\/portal\/index.php?rest_route=\/wp\/v2\/pages\/10768\/revisions\/11746"}],"wp:attachment":[{"href":"http:\/\/www.sobradinho.rs.gov.br\/portal\/index.php?rest_route=%2Fwp%2Fv2%2Fmedia&parent=10768"}],"curies":[{"name":"wp","href":"https:\/\/api.w.org\/{rel}","templated":true}]}}