{"id":10841,"date":"2021-08-24T15:42:20","date_gmt":"2021-08-24T18:42:20","guid":{"rendered":"http:\/\/sobradinho.rs.gov.br\/portal\/?page_id=10841"},"modified":"2021-11-25T14:06:22","modified_gmt":"2021-11-25T17:06:22","slug":"painel-de-vacinas-covid-19","status":"publish","type":"page","link":"http:\/\/www.sobradinho.rs.gov.br\/portal\/?page_id=10841","title":{"rendered":"Painel de Vacinas COVID-19"},"content":{"rendered":"\n<h5 class=\"wp-block-heading\" id=\"exampleModalLabel\">Sobradinho<\/h5>\n\n\n\n<p><strong>Informa\u00e7\u00f5es<\/strong><\/p>\n\n\n\n<div class=\"wp-block-group\"><div class=\"wp-block-group__inner-container is-layout-flow wp-block-group-is-layout-flow\">\n<figure class=\"wp-block-table\"><table><tbody><tr><td><strong>Popula\u00e7\u00e3o geral:<\/strong>\u00a015.005<\/td><td><strong>Popula\u00e7\u00e3o adulta:<\/strong>\u00a011.881<\/td><td><strong>Doses destinadas:<\/strong>\u00a026.056<\/td><\/tr><\/tbody><\/table><\/figure>\n<\/div><\/div>\n\n\n\n<p><strong>Doses aplicadas no munic\u00edpio<\/strong><\/p>\n\n\n\n<figure class=\"wp-block-table is-style-stripes\"><table><tbody><tr><td><strong>1\u00aa dose:<\/strong>\u00a011.219<\/td><td><strong>2\u00aa dose:<\/strong>\u00a010.004<\/td><td><strong>Dose \u00fanica:<\/strong>\u00a0463<\/td><\/tr><tr><td><strong>Dose refor\u00e7o:<\/strong>\u00a01.014<\/td><td><strong>Total aplicado:<\/strong>\u00a023.075<\/td><td><strong>% aplicado<\/strong>: 88,6%<\/td><\/tr><tr><td><strong>Em residentes:<\/strong>\u00a020.205<\/td><td><strong>N\u00e3o residentes:<\/strong>\u00a02.870<\/td><\/tr><\/tbody><\/table><\/figure>\n\n\n\n<p><strong>Popula\u00e7\u00e3o residente em todo estado<\/strong><br><small>* aqui s\u00e3o considerados todos os residentes no munic\u00edpio, que podem ter tomado suas doses em outro munic\u00edpio do Estado.<\/small><\/p>\n\n\n\n<figure class=\"wp-block-table is-style-stripes\"><table><tbody><tr><td><strong>1\u00aa dose:<\/strong>\u00a011.219<\/td><td><strong>2\u00aa dose:<\/strong>\u00a09.947<\/td><\/tr><tr><td><strong>Dose \u00fanica:<\/strong> 437<\/td><td><strong>Dose refor\u00e7o:<\/strong>\u00a01.411<\/td><\/tr><tr><td><strong>Total:<\/strong>\u00a023.014<\/td><td><\/td><\/tr><tr><td><strong>% pop. pelo menos uma dose<\/strong><\/td><td><strong>% pop. esquema vacinal completo<\/strong><\/td><\/tr><tr><td>77,7% (11.656)<\/td><td>  69,2% (10.384)<\/td><\/tr><\/tbody><\/table><\/figure>\n\n\n\n<h2 class=\"wp-block-heading\"><strong>Popula\u00e7\u00e3o adulta<\/strong><\/h2>\n\n\n\n<figure class=\"wp-block-table is-style-stripes\"><table><tbody><tr><td><strong>1\u00aa dose:<\/strong>\u00a010.556<\/td><td><strong>2\u00aa dose:<\/strong>\u00a09.837<\/td><td><strong>Dose \u00fanica:<\/strong>\u00a0437<\/td><\/tr><tr><td><strong>Dose refor\u00e7o:<\/strong>\u00a01.411<\/td><td><strong>Total:<\/strong>\u00a022.241<\/td><td><\/td><\/tr><tr><td><strong>% pop. pelo menos uma dose<\/strong>: 92,5% (10.993)<\/td><td><strong>% pop. esquema vacinal completo<\/strong>: 86,5% (10.274)<\/td><td><\/td><\/tr><\/tbody><\/table><\/figure>\n\n\n\n<pre class=\"wp-block-code\"><code>Faixa Et\u00e1ria<\/code><\/pre>\n\n\n\n<p><strong>Doses aplicadas no munic\u00edpio<\/strong><\/p>\n\n\n\n<figure class=\"wp-block-table\"><table><tbody><tr><th>Faixa Et\u00e1ria<\/th><th>1\u00aa dose<\/th><th>2\u00aa dose<\/th><th>Dose \u00danica<\/th><td><strong>Dose refor\u00e7o<\/strong><\/td><th>Total<\/th><\/tr><tr><td>12 a 14<\/td><td>183<\/td><td>24<\/td><td>0<\/td><td>0<\/td><td>207<\/td><\/tr><tr><td>15 a 17<\/td><td>452<\/td><td>84<\/td><td>0<\/td><td>0<\/td><td>536<\/td><\/tr><tr><td>18 a 19<\/td><td>347<\/td><td>275<\/td><td>1<\/td><td>3<\/td><td>626<\/td><\/tr><tr><td>20 a 24<\/td><td>989<\/td><td>870<\/td><td>8<\/td><td>25<\/td><td>1.892<\/td><\/tr><tr><td>25 a 29<\/td><td>1.036<\/td><td>914<\/td><td>6<\/td><td>34<\/td><td>1.990<\/td><\/tr><tr><td>30 a 34<\/td><td>1.041<\/td><td>920<\/td><td>17<\/td><td>56<\/td><td>2.034<\/td><\/tr><tr><td>35 a 39<\/td><td>930<\/td><td>840<\/td><td>194<\/td><td>45<\/td><td>2.009<\/td><\/tr><tr><td>40 a 44<\/td><td>864<\/td><td>790<\/td><td>91<\/td><td>25<\/td><td>1.770<\/td><\/tr><tr><td>45 a 49<\/td><td>736<\/td><td>703<\/td><td>97<\/td><td>29<\/td><td>1.565<\/td><\/tr><tr><td>50 a 54<\/td><td>878<\/td><td>837<\/td><td>28<\/td><td>33<\/td><td>1.776<\/td><\/tr><tr><td>55 a 59<\/td><td>967<\/td><td>943<\/td><td>15<\/td><td>23<\/td><td>1.948<\/td><\/tr><tr><td>60 a 64<\/td><td>811<\/td><td>824<\/td><td>3<\/td><td>39<\/td><td>1.677<\/td><\/tr><tr><td>65 a 69<\/td><td>749<\/td><td>741<\/td><td>1<\/td><td>283<\/td><td>1.774<\/td><\/tr><tr><td>70 a 74<\/td><td>514<\/td><td>529<\/td><td>2<\/td><td>331<\/td><td>1.376<\/td><\/tr><tr><td>75 a 79<\/td><td>349<\/td><td>340<\/td><td>0<\/td><td>223<\/td><td>912<\/td><\/tr><tr><td>80 e mais<\/td><td>373<\/td><td>370<\/td><td>0<\/td><td>240<\/td><td>983<\/td><\/tr><\/tbody><\/table><\/figure>\n\n\n\n<p> <\/p>\n","protected":false},"excerpt":{"rendered":"<p>Sobradinho Informa\u00e7\u00f5es Popula\u00e7\u00e3o geral:\u00a015.005 Popula\u00e7\u00e3o adulta:\u00a011.881 Doses destinadas:\u00a026.056 Doses aplicadas no munic\u00edpio 1\u00aa dose:\u00a011.219 2\u00aa dose:\u00a010.004 Dose \u00fanica:\u00a0463 Dose refor\u00e7o:\u00a01.014 [&hellip;]<\/p>\n","protected":false},"author":1,"featured_media":0,"parent":0,"menu_order":0,"comment_status":"closed","ping_status":"closed","template":"","meta":{"_eb_attr":"","site-sidebar-layout":"default","site-content-layout":"","ast-site-content-layout":"default","site-content-style":"default","site-sidebar-style":"default","ast-global-header-display":"","ast-banner-title-visibility":"","ast-main-header-display":"","ast-hfb-above-header-display":"","ast-hfb-below-header-display":"","ast-hfb-mobile-header-display":"","site-post-title":"","ast-breadcrumbs-content":"","ast-featured-img":"","footer-sml-layout":"","theme-transparent-header-meta":"","adv-header-id-meta":"","stick-header-meta":"","header-above-stick-meta":"","header-main-stick-meta":"","header-below-stick-meta":"","astra-migrate-meta-layouts":"default","ast-page-background-enabled":"default","ast-page-background-meta":{"desktop":{"background-color":"var(--ast-global-color-4)","background-image":"","background-repeat":"repeat","background-position":"center center","background-size":"auto","background-attachment":"scroll","background-type":"","background-media":"","overlay-type":"","overlay-color":"","overlay-opacity":"","overlay-gradient":""},"tablet":{"background-color":"","background-image":"","background-repeat":"repeat","background-position":"center center","background-size":"auto","background-attachment":"scroll","background-type":"","background-media":"","overlay-type":"","overlay-color":"","overlay-opacity":"","overlay-gradient":""},"mobile":{"background-color":"","background-image":"","background-repeat":"repeat","background-position":"center center","background-size":"auto","background-attachment":"scroll","background-type":"","background-media":"","overlay-type":"","overlay-color":"","overlay-opacity":"","overlay-gradient":""}},"ast-content-background-meta":{"desktop":{"background-color":"var(--ast-global-color-5)","background-image":"","background-repeat":"repeat","background-position":"center center","background-size":"auto","background-attachment":"scroll","background-type":"","background-media":"","overlay-type":"","overlay-color":"","overlay-opacity":"","overlay-gradient":""},"tablet":{"background-color":"var(--ast-global-color-5)","background-image":"","background-repeat":"repeat","background-position":"center center","background-size":"auto","background-attachment":"scroll","background-type":"","background-media":"","overlay-type":"","overlay-color":"","overlay-opacity":"","overlay-gradient":""},"mobile":{"background-color":"var(--ast-global-color-5)","background-image":"","background-repeat":"repeat","background-position":"center center","background-size":"auto","background-attachment":"scroll","background-type":"","background-media":"","overlay-type":"","overlay-color":"","overlay-opacity":"","overlay-gradient":""}},"footnotes":""},"class_list":["post-10841","page","type-page","status-publish","hentry"],"_links":{"self":[{"href":"http:\/\/www.sobradinho.rs.gov.br\/portal\/index.php?rest_route=\/wp\/v2\/pages\/10841","targetHints":{"allow":["GET"]}}],"collection":[{"href":"http:\/\/www.sobradinho.rs.gov.br\/portal\/index.php?rest_route=\/wp\/v2\/pages"}],"about":[{"href":"http:\/\/www.sobradinho.rs.gov.br\/portal\/index.php?rest_route=\/wp\/v2\/types\/page"}],"author":[{"embeddable":true,"href":"http:\/\/www.sobradinho.rs.gov.br\/portal\/index.php?rest_route=\/wp\/v2\/users\/1"}],"replies":[{"embeddable":true,"href":"http:\/\/www.sobradinho.rs.gov.br\/portal\/index.php?rest_route=%2Fwp%2Fv2%2Fcomments&post=10841"}],"version-history":[{"count":8,"href":"http:\/\/www.sobradinho.rs.gov.br\/portal\/index.php?rest_route=\/wp\/v2\/pages\/10841\/revisions"}],"predecessor-version":[{"id":11761,"href":"http:\/\/www.sobradinho.rs.gov.br\/portal\/index.php?rest_route=\/wp\/v2\/pages\/10841\/revisions\/11761"}],"wp:attachment":[{"href":"http:\/\/www.sobradinho.rs.gov.br\/portal\/index.php?rest_route=%2Fwp%2Fv2%2Fmedia&parent=10841"}],"curies":[{"name":"wp","href":"https:\/\/api.w.org\/{rel}","templated":true}]}}