{"id":11437,"date":"2021-10-27T15:26:23","date_gmt":"2021-10-27T18:26:23","guid":{"rendered":"http:\/\/sobradinho.rs.gov.br\/portal\/?page_id=11437"},"modified":"2022-02-21T13:50:25","modified_gmt":"2022-02-21T16:50:25","slug":"editais","status":"publish","type":"page","link":"http:\/\/www.sobradinho.rs.gov.br\/portal\/?page_id=11437","title":{"rendered":"Edital de Chamamento P\u00fablico n\u00ba 01\/2021 &#8211; Documentos"},"content":{"rendered":"<p>[vc_row][vc_column 0=&#8221;&#8221;][vc_column_text]<\/p>\n\n<p style=\"color: red;\">There are no download items matching this category criteria.<\/p>\n\n\n\n<div class=\"wp-block-file\"><a href=\"http:\/\/sobradinho.rs.gov.br\/portal\/wp-content\/uploads\/2021\/10\/Edital-de-Chamamento-Publico-01.2021.pdf\">Edital de Chamamento Publico n\u00ba 01.2021<\/a><a href=\"http:\/\/sobradinho.rs.gov.br\/portal\/wp-content\/uploads\/2021\/10\/Edital-de-Chamamento-Publico-01.2021.pdf\" class=\"wp-block-file__button\" download>Baixar<\/a><\/div>\n\n\n<p>[\/vc_column_text][\/vc_column][\/vc_row][vc_row 0=&#8221;&#8221;][vc_column][vc_column_text 0=&#8221;&#8221;]<\/p>\n<p><\/p>\n\n\n<\/p>\n<div class=\"wp-block-file\"><a href=\"http:\/\/sobradinho.rs.gov.br\/portal\/wp-content\/uploads\/2021\/10\/Relatorio-de-Saldo-de-Dotacao-1.pdf\">Relat\u00f3rio de Saldo de Dota\u00e7\u00e3o<\/a><a class=\"wp-block-file__button\" href=\"http:\/\/sobradinho.rs.gov.br\/portal\/wp-content\/uploads\/2021\/10\/Relatorio-de-Saldo-de-Dotacao-1.pdf\" download=\"\">Baixar<\/a><\/div>\n<p>\n\n\n<p><\/p>\n\n\n<\/p>\n<div class=\"wp-block-file\"><a href=\"http:\/\/sobradinho.rs.gov.br\/portal\/wp-content\/uploads\/2021\/10\/Portaria-de-Nomeacao-dos-Integrantes-da-Comissao-de-selecao-Monitoramento-e-Avaliacao-da-Lei-no-13.019.2014.pdf\">Portaria de Nomea\u00e7\u00e3o dos Integrantes da Comiss\u00e3o de Sele\u00e7\u00e3o, Monitoramento e Avalia\u00e7\u00e3o da Lei n\u00ba 13.019.2014<\/a><a class=\"wp-block-file__button\" href=\"http:\/\/sobradinho.rs.gov.br\/portal\/wp-content\/uploads\/2021\/10\/Portaria-de-Nomeacao-dos-Integrantes-da-Comissao-de-selecao-Monitoramento-e-Avaliacao-da-Lei-no-13.019.2014.pdf\" download=\"\">Baixar<\/a><\/div>\n<p>\n\n\n<p><\/p>\n\n\n<\/p>\n<div class=\"wp-block-file\"><a href=\"http:\/\/sobradinho.rs.gov.br\/portal\/wp-content\/uploads\/2021\/10\/Extrato-de-edital-no-01.2021-1.pdf\">Extrato de Edital n\u00ba 01.2021<\/a><a class=\"wp-block-file__button\" href=\"http:\/\/sobradinho.rs.gov.br\/portal\/wp-content\/uploads\/2021\/10\/Extrato-de-edital-no-01.2021-1.pdf\" download=\"\">Baixar<\/a><\/div>\n<p>\n\n\n<p><\/p>\n\n\n<\/p>\n<div class=\"wp-block-file\"><a href=\"http:\/\/sobradinho.rs.gov.br\/portal\/wp-content\/uploads\/2021\/10\/Ata-Circunstanciada-no-01.2021.pdf\">Ata Circunstanciada n\u00ba 01.2021<\/a><a class=\"wp-block-file__button\" href=\"http:\/\/sobradinho.rs.gov.br\/portal\/wp-content\/uploads\/2021\/10\/Ata-Circunstanciada-no-01.2021.pdf\" download=\"\">Baixar<\/a><\/div>\n<p>\n\n\n<p><\/p>\n\n\n<\/p>\n<div class=\"wp-block-file\"><a href=\"http:\/\/sobradinho.rs.gov.br\/portal\/wp-content\/uploads\/2021\/10\/Julgamento-das-Propostas.pdf\">Julgamento das Propostas<\/a><a class=\"wp-block-file__button\" href=\"http:\/\/sobradinho.rs.gov.br\/portal\/wp-content\/uploads\/2021\/10\/Julgamento-das-Propostas.pdf\" download=\"\">Baixar<\/a><\/div>\n<p>\n\n\n<p><\/p>\n\n\n<\/p>\n<div class=\"wp-block-file\"><a href=\"http:\/\/sobradinho.rs.gov.br\/portal\/wp-content\/uploads\/2021\/10\/Analise-Juridica.pdf\">An\u00e1lise Jur\u00eddica<\/a><a class=\"wp-block-file__button\" href=\"http:\/\/sobradinho.rs.gov.br\/portal\/wp-content\/uploads\/2021\/10\/Analise-Juridica.pdf\" download=\"\">Baixar<\/a><\/div>\n<p>\n\n\n<p><\/p>\n\n\n<\/p>\n<div class=\"wp-block-file\"><a href=\"http:\/\/sobradinho.rs.gov.br\/portal\/wp-content\/uploads\/2021\/10\/Parecer-de-Homologacao-do-Resultado-Final.pdf\">Parecer de Homologa\u00e7\u00e3o do Resultado Final<\/a><a class=\"wp-block-file__button\" href=\"http:\/\/sobradinho.rs.gov.br\/portal\/wp-content\/uploads\/2021\/10\/Parecer-de-Homologacao-do-Resultado-Final.pdf\" download=\"\">Baixar<\/a><\/div>\n<p>\n\n\n<p><\/p>\n\n\n<\/p>\n<div class=\"wp-block-file\"><a href=\"http:\/\/sobradinho.rs.gov.br\/portal\/wp-content\/uploads\/2021\/10\/Termo-de-Homologacao-do-Chamamento-Publico-no-01.2021.pdf\">Termo de Homologa\u00e7\u00e3o do Chamamento P\u00fablico n\u00ba 01.2021<\/a><a class=\"wp-block-file__button\" href=\"http:\/\/sobradinho.rs.gov.br\/portal\/wp-content\/uploads\/2021\/10\/Termo-de-Homologacao-do-Chamamento-Publico-no-01.2021.pdf\" download=\"\">Baixar<\/a><\/div>\n<p>\n\n\n<p><\/p>\n\n\n<\/p>\n<div class=\"wp-block-file\"><a href=\"http:\/\/sobradinho.rs.gov.br\/portal\/wp-content\/uploads\/2021\/10\/Convocacao-da-Entidade-para-apresentacao-de-documentacao-para-celebracao-da-parceira.pdf\">Convoca\u00e7\u00e3o da entidade para apresenta\u00e7\u00e3o de documenta\u00e7\u00e3o para celebra\u00e7\u00e3o da parceira<\/a><a class=\"wp-block-file__button\" href=\"http:\/\/sobradinho.rs.gov.br\/portal\/wp-content\/uploads\/2021\/10\/Convocacao-da-Entidade-para-apresentacao-de-documentacao-para-celebracao-da-parceira.pdf\" download=\"\">Baixar<\/a><\/div>\n<p>\n\n\n\n\n<p><\/p>\n<p>[\/vc_column_text][\/vc_column][\/vc_row]<\/p>\n\n\n<div class=\"wp-block-file\"><a href=\"http:\/\/sobradinho.rs.gov.br\/portal\/wp-content\/uploads\/2021\/10\/Relatorio-de-Analise-de-Documentacao-da-Associacao-Civil-Corpo-de-Bombeiros-Voluntarios-de-Sobradinho.pdf\">Relat\u00f3rio de An\u00e1lise de Documenta\u00e7\u00e3o da Associa\u00e7\u00e3o Civil Corpo de Bombeiros Volunt\u00e1rios de Sobradinho<\/a><a href=\"http:\/\/sobradinho.rs.gov.br\/portal\/wp-content\/uploads\/2021\/10\/Relatorio-de-Analise-de-Documentacao-da-Associacao-Civil-Corpo-de-Bombeiros-Voluntarios-de-Sobradinho.pdf\" class=\"wp-block-file__button\" download>Baixar<\/a><\/div>\n\n\n\n<div class=\"wp-block-file\"><a href=\"http:\/\/sobradinho.rs.gov.br\/portal\/wp-content\/uploads\/2021\/10\/Portaria-de-Nomeacao-de-Gestora-da-Parceria-com-a-Associacao-Civil-Corpo-de-Bombeiros-Voluntarios-de-Sobradinho.pdf\">Portaria de Nomea\u00e7\u00e3o de Gestor da Parceria com a Associa\u00e7\u00e3o Civil Corpo de Bombeiros Volunt\u00e1rios de Sobradinho<\/a><a href=\"http:\/\/sobradinho.rs.gov.br\/portal\/wp-content\/uploads\/2021\/10\/Portaria-de-Nomeacao-de-Gestora-da-Parceria-com-a-Associacao-Civil-Corpo-de-Bombeiros-Voluntarios-de-Sobradinho.pdf\" class=\"wp-block-file__button\" download>Baixar<\/a><\/div>\n\n\n\n<div class=\"wp-block-file\"><a href=\"http:\/\/sobradinho.rs.gov.br\/portal\/wp-content\/uploads\/2021\/10\/Termo-de-Fomento-no-01.2021.pdf\">Termo de Fomento n\u00ba 01.2021<\/a><a href=\"http:\/\/sobradinho.rs.gov.br\/portal\/wp-content\/uploads\/2021\/10\/Termo-de-Fomento-no-01.2021.pdf\" class=\"wp-block-file__button\" download>Baixar<\/a><\/div>\n\n\n\n<div class=\"wp-block-file\"><a href=\"http:\/\/sobradinho.rs.gov.br\/portal\/wp-content\/uploads\/2021\/10\/Nota-de-empenho-da-Associacao-Civil-Corpo-de-Bombeiros-Voluntarios-de-Sobradinho.pdf\">Nota de empenho da Associa\u00e7\u00e3o Civil Corpo de Bombeiros Volunt\u00e1rios de Sobradinho<\/a><a href=\"http:\/\/sobradinho.rs.gov.br\/portal\/wp-content\/uploads\/2021\/10\/Nota-de-empenho-da-Associacao-Civil-Corpo-de-Bombeiros-Voluntarios-de-Sobradinho.pdf\" class=\"wp-block-file__button\" download>Baixar<\/a><\/div>\n\n\n\n<div class=\"wp-block-file\"><a href=\"http:\/\/sobradinho.rs.gov.br\/portal\/wp-content\/uploads\/2022\/02\/Relatorio-Tecnico-do-Gestor-da-Parceria-1.pdf\">Relatorio-Tecnico-do-Gestor-da-Parceria-1<\/a><a href=\"http:\/\/sobradinho.rs.gov.br\/portal\/wp-content\/uploads\/2022\/02\/Relatorio-Tecnico-do-Gestor-da-Parceria-1.pdf\" class=\"wp-block-file__button\" download>Baixar<\/a><\/div>\n\n\n\n<div class=\"wp-block-file\"><a href=\"http:\/\/sobradinho.rs.gov.br\/portal\/wp-content\/uploads\/2022\/02\/Analise-e-Parecer-da-Comissao-de-Selecao-Monitoramento-e-Avaliacao.pdf\">Analise-e-Parecer-da-Comissao-de-Selecao-Monitoramento-e-Avaliacao<\/a><a href=\"http:\/\/sobradinho.rs.gov.br\/portal\/wp-content\/uploads\/2022\/02\/Analise-e-Parecer-da-Comissao-de-Selecao-Monitoramento-e-Avaliacao.pdf\" class=\"wp-block-file__button\" download>Baixar<\/a><\/div>\n","protected":false},"excerpt":{"rendered":"<p>[vc_row][vc_column 0=&#8221;&#8221;][vc_column_text] [\/vc_column_text][\/vc_column][\/vc_row][vc_row 0=&#8221;&#8221;][vc_column][vc_column_text 0=&#8221;&#8221;] [\/vc_column_text][\/vc_column][\/vc_row]<\/p>\n","protected":false},"author":2,"featured_media":0,"parent":0,"menu_order":0,"comment_status":"closed","ping_status":"closed","template":"","meta":{"_eb_attr":"","site-sidebar-layout":"default","site-content-layout":"","ast-site-content-layout":"default","site-content-style":"default","site-sidebar-style":"default","ast-global-header-display":"","ast-banner-title-visibility":"","ast-main-header-display":"","ast-hfb-above-header-display":"","ast-hfb-below-header-display":"","ast-hfb-mobile-header-display":"","site-post-title":"","ast-breadcrumbs-content":"","ast-featured-img":"","footer-sml-layout":"","theme-transparent-header-meta":"","adv-header-id-meta":"","stick-header-meta":"","header-above-stick-meta":"","header-main-stick-meta":"","header-below-stick-meta":"","astra-migrate-meta-layouts":"default","ast-page-background-enabled":"default","ast-page-background-meta":{"desktop":{"background-color":"var(--ast-global-color-4)","background-image":"","background-repeat":"repeat","background-position":"center center","background-size":"auto","background-attachment":"scroll","background-type":"","background-media":"","overlay-type":"","overlay-color":"","overlay-opacity":"","overlay-gradient":""},"tablet":{"background-color":"","background-image":"","background-repeat":"repeat","background-position":"center center","background-size":"auto","background-attachment":"scroll","background-type":"","background-media":"","overlay-type":"","overlay-color":"","overlay-opacity":"","overlay-gradient":""},"mobile":{"background-color":"","background-image":"","background-repeat":"repeat","background-position":"center center","background-size":"auto","background-attachment":"scroll","background-type":"","background-media":"","overlay-type":"","overlay-color":"","overlay-opacity":"","overlay-gradient":""}},"ast-content-background-meta":{"desktop":{"background-color":"var(--ast-global-color-5)","background-image":"","background-repeat":"repeat","background-position":"center center","background-size":"auto","background-attachment":"scroll","background-type":"","background-media":"","overlay-type":"","overlay-color":"","overlay-opacity":"","overlay-gradient":""},"tablet":{"background-color":"var(--ast-global-color-5)","background-image":"","background-repeat":"repeat","background-position":"center center","background-size":"auto","background-attachment":"scroll","background-type":"","background-media":"","overlay-type":"","overlay-color":"","overlay-opacity":"","overlay-gradient":""},"mobile":{"background-color":"var(--ast-global-color-5)","background-image":"","background-repeat":"repeat","background-position":"center center","background-size":"auto","background-attachment":"scroll","background-type":"","background-media":"","overlay-type":"","overlay-color":"","overlay-opacity":"","overlay-gradient":""}},"footnotes":""},"class_list":["post-11437","page","type-page","status-publish","hentry"],"_links":{"self":[{"href":"http:\/\/www.sobradinho.rs.gov.br\/portal\/index.php?rest_route=\/wp\/v2\/pages\/11437","targetHints":{"allow":["GET"]}}],"collection":[{"href":"http:\/\/www.sobradinho.rs.gov.br\/portal\/index.php?rest_route=\/wp\/v2\/pages"}],"about":[{"href":"http:\/\/www.sobradinho.rs.gov.br\/portal\/index.php?rest_route=\/wp\/v2\/types\/page"}],"author":[{"embeddable":true,"href":"http:\/\/www.sobradinho.rs.gov.br\/portal\/index.php?rest_route=\/wp\/v2\/users\/2"}],"replies":[{"embeddable":true,"href":"http:\/\/www.sobradinho.rs.gov.br\/portal\/index.php?rest_route=%2Fwp%2Fv2%2Fcomments&post=11437"}],"version-history":[{"count":15,"href":"http:\/\/www.sobradinho.rs.gov.br\/portal\/index.php?rest_route=\/wp\/v2\/pages\/11437\/revisions"}],"predecessor-version":[{"id":12360,"href":"http:\/\/www.sobradinho.rs.gov.br\/portal\/index.php?rest_route=\/wp\/v2\/pages\/11437\/revisions\/12360"}],"wp:attachment":[{"href":"http:\/\/www.sobradinho.rs.gov.br\/portal\/index.php?rest_route=%2Fwp%2Fv2%2Fmedia&parent=11437"}],"curies":[{"name":"wp","href":"https:\/\/api.w.org\/{rel}","templated":true}]}}