{"id":19477,"date":"2025-07-04T11:14:05","date_gmt":"2025-07-04T14:14:05","guid":{"rendered":"http:\/\/www.sobradinho.rs.gov.br\/portal\/?page_id=19477"},"modified":"2025-07-14T16:15:17","modified_gmt":"2025-07-14T19:15:17","slug":"conselho-municipal-da-saude","status":"publish","type":"page","link":"http:\/\/www.sobradinho.rs.gov.br\/portal\/?page_id=19477","title":{"rendered":"Conselho Municipal da Sa\u00fade"},"content":{"rendered":"\n<figure class=\"wp-block-image size-full\"><img fetchpriority=\"high\" decoding=\"async\" width=\"1000\" height=\"667\" src=\"http:\/\/www.sobradinho.rs.gov.br\/portal\/wp-content\/uploads\/2025\/07\/reuniao-cms.jpg\" alt=\"\" class=\"wp-image-19548\" srcset=\"http:\/\/www.sobradinho.rs.gov.br\/portal\/wp-content\/uploads\/2025\/07\/reuniao-cms.jpg 1000w, http:\/\/www.sobradinho.rs.gov.br\/portal\/wp-content\/uploads\/2025\/07\/reuniao-cms-300x200.jpg 300w, http:\/\/www.sobradinho.rs.gov.br\/portal\/wp-content\/uploads\/2025\/07\/reuniao-cms-768x512.jpg 768w\" sizes=\"(max-width: 1000px) 100vw, 1000px\" \/><\/figure>\n\n\n<\/p>\n<\/p>\n<p>O<span style=\"color: #333333;\"> Conselho Municipal de Sa\u00fade (CMS)\u00a0\u00e9 um \u00f3rg\u00e3o colegiado, permanente e deliberativo, que atua na formula\u00e7\u00e3o e controle da execu\u00e7\u00e3o da pol\u00edtica de sa\u00fade no \u00e2mbito municipal, garantindo a participa\u00e7\u00e3o da comunidade na gest\u00e3o do Sistema \u00danico de Sa\u00fade (SUS).\u00a0\u00c9 um espa\u00e7o onde representantes do governo, prestadores de servi\u00e7os, profissionais de sa\u00fade e usu\u00e1rios do SUS discutem e deliberam sobre as a\u00e7\u00f5es e decis\u00f5es relacionadas \u00e0 sa\u00fade no munic\u00edpio<\/span>.\u00a0<\/p>\n<hr \/>\n<h3 style=\"text-align: left;\">\u00a0 \u00a0 \u00a0<\/h3>\n<h3>\u00a0<\/h3>\n<h3 style=\"text-align: left;\">\u00a0 \u00a0 \u00a0 <strong>\u00a0 Fun\u00e7\u00f5es e Atribui\u00e7\u00f5es:<\/strong><\/h3>\n<ul>\n<li><strong>Participa\u00e7\u00e3o na elabora\u00e7\u00e3o do Plano Municipal de Sa\u00fade:<\/strong><\/li>\n<\/ul>\n<p>\u00a0 \u00a0 \u00a0 Contribui ativamente na defini\u00e7\u00e3o das diretrizes e prioridades da pol\u00edtica de sa\u00fade local.<\/p>\n<ul>\n<li><strong>Fiscaliza\u00e7\u00e3o da aplica\u00e7\u00e3o de recursos:<\/strong><\/li>\n<\/ul>\n<p>\u00a0 \u00a0 \u00a0 Acompanha a aplica\u00e7\u00e3o dos recursos financeiros destinados \u00e0 sa\u00fade, garantindo a sua utiliza\u00e7\u00e3o de forma eficiente e transparente.<\/p>\n<ul>\n<li><strong>Proposi\u00e7\u00e3o de melhorias:<\/strong><\/li>\n<\/ul>\n<p>\u00a0 \u00a0 \u00a0 Prop\u00f5e medidas e a\u00e7\u00f5es para aprimorar o sistema de sa\u00fade municipal, visando a qualidade e acesso aos servi\u00e7os.<\/p>\n<ul>\n<li><strong>Acompanhamento e avalia\u00e7\u00e3o da situa\u00e7\u00e3o de sa\u00fade:<\/strong><\/li>\n<\/ul>\n<p>\u00a0 \u00a0 \u00a0 Monitora a sa\u00fade da popula\u00e7\u00e3o e avalia a efetividade das a\u00e7\u00f5es e programas de sa\u00fade.<\/p>\n<ul>\n<li><strong>Fortalecimento do controle social:<\/strong><\/li>\n<\/ul>\n<p>\u00a0 \u00a0 \u00a0 Promove a participa\u00e7\u00e3o da sociedade nas decis\u00f5es sobre a sa\u00fade, garantindo a transpar\u00eancia e a participa\u00e7\u00e3o popular na gest\u00e3o do SUS.<\/p>\n<ul>\n<li><strong>Composi\u00e7\u00e3o parit\u00e1ria:<\/strong><\/li>\n<\/ul>\n<p>\u00a0 \u00a0 \u00a0 \u00c9 composto por representantes dos diversos segmentos da sociedade, como usu\u00e1rios, trabalhadores da sa\u00fade e gestores, garantindo a representatividade de todos\u00a0 \u00a0 \u00a0 \u00a0 \u00a0 os envolvidos no sistema de sa\u00fade.\u00a0<\/p>\n\n\n<div data-wp-interactive=\"core\/file\" class=\"wp-block-file\"><object data-wp-bind--hidden=\"!state.hasPdfPreview\" hidden class=\"wp-block-file__embed\" data=\"http:\/\/www.sobradinho.rs.gov.br\/portal\/wp-content\/uploads\/2025\/07\/Lei-Municipal-no-5.177.pdf\" type=\"application\/pdf\" style=\"width:100%;height:200px\" aria-label=\"Incorporado de Lei Municipal n\u00ba 5.177.\"><\/object><a id=\"wp-block-file--media-fb48cfff-cb67-46e1-a08f-717e7d8a8ac8\" href=\"http:\/\/www.sobradinho.rs.gov.br\/portal\/wp-content\/uploads\/2025\/07\/Lei-Municipal-no-5.177.pdf\">Lei Municipal n\u00ba 5.177<\/a><a href=\"http:\/\/www.sobradinho.rs.gov.br\/portal\/wp-content\/uploads\/2025\/07\/Lei-Municipal-no-5.177.pdf\" class=\"wp-block-file__button wp-element-button\" download aria-describedby=\"wp-block-file--media-fb48cfff-cb67-46e1-a08f-717e7d8a8ac8\">Baixar<\/a><\/div>\n\n\n\n<p><\/p>\n\n\n\n<div data-wp-interactive=\"core\/file\" class=\"wp-block-file\"><object data-wp-bind--hidden=\"!state.hasPdfPreview\" hidden class=\"wp-block-file__embed\" data=\"http:\/\/www.sobradinho.rs.gov.br\/portal\/wp-content\/uploads\/2025\/07\/CONSELHO-MUNICIPAL-DE-SAUDE.pdf\" type=\"application\/pdf\" style=\"width:100%;height:200px\" aria-label=\"Incorporado de CONSELHO MUNICIPAL DE SA\u00daDE.\"><\/object><a id=\"wp-block-file--media-456a8158-0d20-4957-a8a1-52288cd5084a\" href=\"http:\/\/www.sobradinho.rs.gov.br\/portal\/wp-content\/uploads\/2025\/07\/CONSELHO-MUNICIPAL-DE-SAUDE.pdf\">CONSELHO MUNICIPAL DE SA\u00daDE<\/a><a href=\"http:\/\/www.sobradinho.rs.gov.br\/portal\/wp-content\/uploads\/2025\/07\/CONSELHO-MUNICIPAL-DE-SAUDE.pdf\" class=\"wp-block-file__button wp-element-button\" download aria-describedby=\"wp-block-file--media-456a8158-0d20-4957-a8a1-52288cd5084a\">Baixar<\/a><\/div>\n\n\n\n<p><\/p>\n","protected":false},"excerpt":{"rendered":"<p>O Conselho Municipal de Sa\u00fade (CMS)\u00a0\u00e9 um \u00f3rg\u00e3o colegiado, permanente e deliberativo, que atua na formula\u00e7\u00e3o e controle da execu\u00e7\u00e3o [&hellip;]<\/p>\n","protected":false},"author":2,"featured_media":0,"parent":0,"menu_order":0,"comment_status":"closed","ping_status":"closed","template":"","meta":{"_eb_attr":"","site-sidebar-layout":"default","site-content-layout":"","ast-site-content-layout":"default","site-content-style":"default","site-sidebar-style":"default","ast-global-header-display":"","ast-banner-title-visibility":"","ast-main-header-display":"","ast-hfb-above-header-display":"","ast-hfb-below-header-display":"","ast-hfb-mobile-header-display":"","site-post-title":"","ast-breadcrumbs-content":"","ast-featured-img":"","footer-sml-layout":"","theme-transparent-header-meta":"","adv-header-id-meta":"","stick-header-meta":"","header-above-stick-meta":"","header-main-stick-meta":"","header-below-stick-meta":"","astra-migrate-meta-layouts":"default","ast-page-background-enabled":"default","ast-page-background-meta":{"desktop":{"background-color":"var(--ast-global-color-4)","background-image":"","background-repeat":"repeat","background-position":"center center","background-size":"auto","background-attachment":"scroll","background-type":"","background-media":"","overlay-type":"","overlay-color":"","overlay-opacity":"","overlay-gradient":""},"tablet":{"background-color":"","background-image":"","background-repeat":"repeat","background-position":"center center","background-size":"auto","background-attachment":"scroll","background-type":"","background-media":"","overlay-type":"","overlay-color":"","overlay-opacity":"","overlay-gradient":""},"mobile":{"background-color":"","background-image":"","background-repeat":"repeat","background-position":"center center","background-size":"auto","background-attachment":"scroll","background-type":"","background-media":"","overlay-type":"","overlay-color":"","overlay-opacity":"","overlay-gradient":""}},"ast-content-background-meta":{"desktop":{"background-color":"var(--ast-global-color-5)","background-image":"","background-repeat":"repeat","background-position":"center center","background-size":"auto","background-attachment":"scroll","background-type":"","background-media":"","overlay-type":"","overlay-color":"","overlay-opacity":"","overlay-gradient":""},"tablet":{"background-color":"var(--ast-global-color-5)","background-image":"","background-repeat":"repeat","background-position":"center center","background-size":"auto","background-attachment":"scroll","background-type":"","background-media":"","overlay-type":"","overlay-color":"","overlay-opacity":"","overlay-gradient":""},"mobile":{"background-color":"var(--ast-global-color-5)","background-image":"","background-repeat":"repeat","background-position":"center center","background-size":"auto","background-attachment":"scroll","background-type":"","background-media":"","overlay-type":"","overlay-color":"","overlay-opacity":"","overlay-gradient":""}},"footnotes":""},"class_list":["post-19477","page","type-page","status-publish","hentry"],"_links":{"self":[{"href":"http:\/\/www.sobradinho.rs.gov.br\/portal\/index.php?rest_route=\/wp\/v2\/pages\/19477","targetHints":{"allow":["GET"]}}],"collection":[{"href":"http:\/\/www.sobradinho.rs.gov.br\/portal\/index.php?rest_route=\/wp\/v2\/pages"}],"about":[{"href":"http:\/\/www.sobradinho.rs.gov.br\/portal\/index.php?rest_route=\/wp\/v2\/types\/page"}],"author":[{"embeddable":true,"href":"http:\/\/www.sobradinho.rs.gov.br\/portal\/index.php?rest_route=\/wp\/v2\/users\/2"}],"replies":[{"embeddable":true,"href":"http:\/\/www.sobradinho.rs.gov.br\/portal\/index.php?rest_route=%2Fwp%2Fv2%2Fcomments&post=19477"}],"version-history":[{"count":13,"href":"http:\/\/www.sobradinho.rs.gov.br\/portal\/index.php?rest_route=\/wp\/v2\/pages\/19477\/revisions"}],"predecessor-version":[{"id":19556,"href":"http:\/\/www.sobradinho.rs.gov.br\/portal\/index.php?rest_route=\/wp\/v2\/pages\/19477\/revisions\/19556"}],"wp:attachment":[{"href":"http:\/\/www.sobradinho.rs.gov.br\/portal\/index.php?rest_route=%2Fwp%2Fv2%2Fmedia&parent=19477"}],"curies":[{"name":"wp","href":"https:\/\/api.w.org\/{rel}","templated":true}]}}

Conselho Municipal da Saúde

<figure class="wp-block-image size-full"><img fetchpriority="high" decoding="async" width="1000" height="667" src="http://www.sobradinho.rs.gov.br/portal/wp-content/uploads/2025/07/reuniao-cms.jpg" alt="" class="wp-image-19548" srcset="http://www.sobradinho.rs.gov.br/portal/wp-content/uploads/2025/07/reuniao-cms.jpg 1000w, http://www.sobradinho.rs.gov.br/portal/wp-content/uploads/2025/07/reuniao-cms-300x200.jpg 300w, http://www.sobradinho.rs.gov.br/portal/wp-content/uploads/2025/07/reuniao-cms-768x512.jpg 768w" sizes="(max-width: 1000px) 100vw, 1000px" /></figure>


</p>
</p>
<p>O<span style="color: #333333;"> Conselho Municipal de Saúde (CMS) é um órgão colegiado, permanente e deliberativo, que atua na formulação e controle da execução da política de saúde no âmbito municipal, garantindo a participação da comunidade na gestão do Sistema Único de Saúde (SUS). É um espaço onde representantes do governo, prestadores de serviços, profissionais de saúde e usuários do SUS discutem e deliberam sobre as ações e decisões relacionadas à saúde no município</span>. </p>
<hr />
<h3 style="text-align: left;">     </h3>
<h3> </h3>
<h3 style="text-align: left;">      <strong>  Funções e Atribuições:</strong></h3>
<ul>
<li><strong>Participação na elaboração do Plano Municipal de Saúde:</strong></li>
</ul>
<p>      Contribui ativamente na definição das diretrizes e prioridades da política de saúde local.</p>
<ul>
<li><strong>Fiscalização da aplicação de recursos:</strong></li>
</ul>
<p>      Acompanha a aplicação dos recursos financeiros destinados à saúde, garantindo a sua utilização de forma eficiente e transparente.</p>
<ul>
<li><strong>Proposição de melhorias:</strong></li>
</ul>
<p>      Propõe medidas e ações para aprimorar o sistema de saúde municipal, visando a qualidade e acesso aos serviços.</p>
<ul>
<li><strong>Acompanhamento e avaliação da situação de saúde:</strong></li>
</ul>
<p>      Monitora a saúde da população e avalia a efetividade das ações e programas de saúde.</p>
<ul>
<li><strong>Fortalecimento do controle social:</strong></li>
</ul>
<p>      Promove a participação da sociedade nas decisões sobre a saúde, garantindo a transparência e a participação popular na gestão do SUS.</p>
<ul>
<li><strong>Composição paritária:</strong></li>
</ul>
<p>      É composto por representantes dos diversos segmentos da sociedade, como usuários, trabalhadores da saúde e gestores, garantindo a representatividade de todos          os envolvidos no sistema de saúde. </p>


<div data-wp-interactive="core/file" class="wp-block-file"><object data-wp-bind--hidden="!state.hasPdfPreview" hidden class="wp-block-file__embed" data="http://www.sobradinho.rs.gov.br/portal/wp-content/uploads/2025/07/Lei-Municipal-no-5.177.pdf" type="application/pdf" style="width:100%;height:200px" aria-label="Incorporado de Lei Municipal nº 5.177."></object><a id="wp-block-file--media-fb48cfff-cb67-46e1-a08f-717e7d8a8ac8" href="http://www.sobradinho.rs.gov.br/portal/wp-content/uploads/2025/07/Lei-Municipal-no-5.177.pdf">Lei Municipal nº 5.177</a><a href="http://www.sobradinho.rs.gov.br/portal/wp-content/uploads/2025/07/Lei-Municipal-no-5.177.pdf" class="wp-block-file__button wp-element-button" download aria-describedby="wp-block-file--media-fb48cfff-cb67-46e1-a08f-717e7d8a8ac8">Baixar</a></div>



<p></p>



<div data-wp-interactive="core/file" class="wp-block-file"><object data-wp-bind--hidden="!state.hasPdfPreview" hidden class="wp-block-file__embed" data="http://www.sobradinho.rs.gov.br/portal/wp-content/uploads/2025/07/CONSELHO-MUNICIPAL-DE-SAUDE.pdf" type="application/pdf" style="width:100%;height:200px" aria-label="Incorporado de CONSELHO MUNICIPAL DE SAÚDE."></object><a id="wp-block-file--media-456a8158-0d20-4957-a8a1-52288cd5084a" href="http://www.sobradinho.rs.gov.br/portal/wp-content/uploads/2025/07/CONSELHO-MUNICIPAL-DE-SAUDE.pdf">CONSELHO MUNICIPAL DE SAÚDE</a><a href="http://www.sobradinho.rs.gov.br/portal/wp-content/uploads/2025/07/CONSELHO-MUNICIPAL-DE-SAUDE.pdf" class="wp-block-file__button wp-element-button" download aria-describedby="wp-block-file--media-456a8158-0d20-4957-a8a1-52288cd5084a">Baixar</a></div>



<p></p>

<p>O Conselho Municipal de Saúde (CMS) é um órgão colegiado, permanente e deliberativo, que atua na formulação e controle da execução [&hellip;]</p>
