{"id":2481,"date":"2019-01-31T15:10:58","date_gmt":"2019-01-31T17:10:58","guid":{"rendered":"http:\/\/sobradinho.rs.gov.br\/portal\/?page_id=2481"},"modified":"2025-05-27T09:37:32","modified_gmt":"2025-05-27T12:37:32","slug":"secretaria-municipal-de-assistencia-social","status":"publish","type":"page","link":"http:\/\/www.sobradinho.rs.gov.br\/portal\/?page_id=2481","title":{"rendered":"SECRETARIA MUNICIPAL DE ASSIST\u00caNCIA SOCIAL"},"content":{"rendered":"\t\t<div data-elementor-type=\"wp-page\" data-elementor-id=\"2481\" class=\"elementor elementor-2481\" data-elementor-settings=\"{&quot;ha_cmc_init_switcher&quot;:&quot;no&quot;}\" data-elementor-post-type=\"page\">\n\t\t\t\t\t\t<section class=\"elementor-section elementor-top-section elementor-element elementor-element-5d57338e elementor-section-boxed elementor-section-height-default elementor-section-height-default\" data-id=\"5d57338e\" data-element_type=\"section\" data-settings=\"{&quot;_ha_eqh_enable&quot;:false}\">\n\t\t\t\t\t\t<div class=\"elementor-container elementor-column-gap-default\">\n\t\t\t\t\t<div class=\"elementor-column elementor-col-100 elementor-top-column elementor-element elementor-element-4a4ae13e\" data-id=\"4a4ae13e\" data-element_type=\"column\">\n\t\t\t<div class=\"elementor-widget-wrap elementor-element-populated\">\n\t\t\t\t\t\t<div class=\"elementor-element elementor-element-e0be21d elementor-widget elementor-widget-text-editor\" data-id=\"e0be21d\" data-element_type=\"widget\" data-widget_type=\"text-editor.default\">\n\t\t\t\t<div class=\"elementor-widget-container\">\n\t\t\t\t\t\t\t\t\t<p style=\"text-align: justify;\"><strong><img fetchpriority=\"high\" decoding=\"async\" class=\"size-medium wp-image-18987 alignleft\" src=\"http:\/\/www.sobradinho.rs.gov.br\/portal\/wp-content\/uploads\/2025\/05\/DIEGO-200x300.jpeg\" alt=\"\" width=\"200\" height=\"300\" srcset=\"http:\/\/www.sobradinho.rs.gov.br\/portal\/wp-content\/uploads\/2025\/05\/DIEGO-200x300.jpeg 200w, http:\/\/www.sobradinho.rs.gov.br\/portal\/wp-content\/uploads\/2025\/05\/DIEGO-683x1024.jpeg 683w, http:\/\/www.sobradinho.rs.gov.br\/portal\/wp-content\/uploads\/2025\/05\/DIEGO-768x1152.jpeg 768w, http:\/\/www.sobradinho.rs.gov.br\/portal\/wp-content\/uploads\/2025\/05\/DIEGO-1024x1536.jpeg 1024w, http:\/\/www.sobradinho.rs.gov.br\/portal\/wp-content\/uploads\/2025\/05\/DIEGO-1365x2048.jpeg 1365w, http:\/\/www.sobradinho.rs.gov.br\/portal\/wp-content\/uploads\/2025\/05\/DIEGO-scaled.jpeg 1707w\" sizes=\"(max-width: 200px) 100vw, 200px\" \/>&nbsp;<\/strong><\/p>\n<p style=\"text-align: justify;\"><strong style=\"font-style: inherit; color: var( --e-global-color-text ); font-family: var( --e-global-typography-text-font-family ), Sans-serif; background-color: var(--ast-global-color-5);\">SECRET\u00c1RIO: Diego Batista da Silva<\/strong><\/p>\n<p style=\"text-align: justify;\"><strong style=\"font-style: inherit; text-align: center;\"><strong>BIOGRAFIA:<\/strong><\/strong><\/p>\n<div>\n<p style=\"text-align: justify;\">Natural de Sobradinho\/RS, tem 33 anos, reside no bairro Pousada do Sol. \u00c9 filho de Jo\u00e3o Itamar Batista da Silva e Rejane Marlete Hermes.<\/p>\n<p style=\"text-align: justify;\"><span style=\"font-style: inherit; font-weight: inherit;\">Formado em Direito pela Universidade de Santa Cruz do Sul (UNISC), atua como advogado desde 2014, registrado na OAB\/RS sob o n\u00famero 100.158.<\/span><\/p>\n<p style=\"text-align: justify;\">Possui experi\u00eancia em cargos p\u00fablicos na Administra\u00e7\u00e3o Municipal, tendo exercido a fun\u00e7\u00e3o de Assessor Jur\u00eddico entre 2017 e 2018, e a de Secret\u00e1rio de Administra\u00e7\u00e3o no per\u00edodo de 2018 a 2020. No Poder Legislativo de Sobradinho, atuou como Assessor Jur\u00eddico nos anos de 2021 e 2022.<\/p>\n<p style=\"text-align: justify;\">Reconhecido por seu esp\u00edrito altru\u00edsta, colabora com diversas entidades do munic\u00edpio. \u00c9 apaixonado pela causa animal e atualmente preside a Associa\u00e7\u00e3o Amigos do Melhor Amigo. Tamb\u00e9m integra a diretoria do Clube Comercial de Sobradinho e da Liga de Combate ao C\u00e2ncer de Sobradinho.<\/p>\n<\/div>\n<div style=\"text-align: justify;\">&nbsp;<\/div>\n<div style=\"text-align: justify;\">&nbsp;<\/div>\n<div style=\"text-align: justify;\">&nbsp;<\/div>\n<div style=\"text-align: justify;\">&nbsp;<\/div>\n<div>&nbsp;<\/div>\n<div>&nbsp;<\/div>\n<p style=\"text-align: justify;\"><strong>&nbsp;<\/strong><\/p>\n<p style=\"text-align: justify;\"><strong>Compete \u00e0 Secretaria Municipal:&nbsp;<\/strong>Tem por atribui\u00e7\u00f5es espec\u00edficas atender a parcela populacional que procura e demanda as a\u00e7\u00f5es e servi\u00e7os sociais, com o enfrentamento de suas car\u00eancias cotidianas. Cabe a esta pasta a elabora\u00e7\u00e3o, execu\u00e7\u00e3o, coordena\u00e7\u00e3o e avalia\u00e7\u00e3o de planos, programas e &nbsp;projetos, que se constituam em instrumento de defesa dos direitos e das necessidades &nbsp;pela popula\u00e7\u00e3o, planejando e organizando campanhas que atendas as demandas sociais &nbsp;de indiv\u00edduos , grupos da popula\u00e7\u00e3o ou parcelas desfavorecidas. Fixa, com rela\u00e7\u00e3o \u00e0s &nbsp;verbas dispon\u00edveis na Secretaria da Assist\u00eancia Social, atividades determinadas para &nbsp;uso das mesmas, no atendimento e na defesa dos direitos da popula\u00e7\u00e3o, vistoriando e &nbsp;controlando a aplica\u00e7\u00e3o de tais recursos.<br>Realiza o atendimento direto as situa\u00e7\u00f5es imediatas e emergenciais da popula\u00e7\u00e3o com a &nbsp;aplica\u00e7\u00e3o de benef\u00edcios eventuais tais como aux\u00edlio funeral vestu\u00e1rio e alimenta\u00e7\u00e3o, &nbsp;diante de disponibilidades financeiras e legais.<br>Tamb\u00e9m fornece a popula\u00e7\u00e3o informa\u00e7\u00f5es a respeito dos trabalhos desenvolvidos pela secretaria e demais esclarecimentos e orienta\u00e7\u00f5es a comunidade , na sua \u00e1rea de compet\u00eancia.<br>Realiza estudos socioecon\u00f4micos e familiares, acionando benef\u00edcios e servi\u00e7os sociais, procurando atender na plenitude as demandas sociais por interm\u00e9dio de acompanhamento ou de atividades preventivas.<br>\u00c0 Secretaria Municipal de Assist\u00eancia Social compete, atender as pessoas que demandam \u00e0 prefeitura buscando assist\u00eancia, dando-lhes o encaminhamento devido no que couber.<br>Colaborar em programas de assist\u00eancia aos necessitados, por meios pr\u00f3prios ou conv\u00eanios e em coordena\u00e7\u00e3o com outras entidades.<br>Coordenar campanhas de integra\u00e7\u00e3o e desenvolvimento comunit\u00e1rio.<br>Pronunciar-se sobre solicita\u00e7\u00f5es de aux\u00edlio \u00e0 prefeitura por parte de entidades assistenciais, controlando a aplica\u00e7\u00e3o de recursos.<br>Coordenar e executar distribui\u00e7\u00e3o de alimentos.<br>Programar e executar campanhas e atendimento individualizado nas \u00e1reas de planejamento familiar, nutri\u00e7\u00e3o, higiene e trabalho.<br>Organizar e participar de programas de esclarecimento em meios de comunica\u00e7\u00e3o dispon\u00edveis na comunidade.<br>Organizar fich\u00e1rios, relat\u00f3rios estat\u00edsticos das atividades desenvolvidas, divulgando-os ou encaminhando- os ao escal\u00e3o superior.<br>Organizar e manter creches de atendimento \u00e0s crian\u00e7as mais necessitadas ou que n\u00e3o tenham em seus lares o atendimento indispens\u00e1vel ao seu desenvolvimento integral.<br>Promover contatos e conv\u00eanios com entidades da esfera estadual e federal, visando ao atendimento dos objetivos do n\u00facleo e evitando o paralelismo de atua\u00e7\u00f5es.<\/p>\n<p style=\"text-align: justify;\"><strong style=\"font-style: inherit; text-align: center;\">&nbsp;<\/strong><\/p>\n<p style=\"text-align: justify;\"><strong style=\"font-style: inherit; text-align: center;\">&nbsp;<\/strong><\/p>\n<p style=\"text-align: justify;\"><strong style=\"font-style: inherit; text-align: center;\">Contatos:&nbsp;<\/strong><\/p>\n<p style=\"text-align: justify;\"><strong style=\"font-style: inherit; text-align: center;\">Telefone:<\/strong><span style=\"font-style: inherit; font-weight: inherit; text-align: center;\"> (51) 9 99172417&nbsp;<\/span><strong style=\"font-style: inherit; text-align: center;\">Ramal:<\/strong><span style=\"font-style: inherit; font-weight: inherit; text-align: center;\"> 248<\/span><\/p>\n<p style=\"text-align: justify;\"><strong style=\"font-style: inherit; text-align: center;\">&nbsp;<\/strong><strong style=\"font-style: inherit; text-align: center;\">E-mail:<\/strong><span style=\"font-style: inherit; font-weight: inherit; text-align: center;\">&nbsp; <\/span><a style=\"font-style: inherit; font-weight: inherit; text-align: center; background-color: #ffffff;\" href=\"mailto:assistencia@sobradinho-rs.com.br\">assistencia@sobradinho-rs.com.br<\/a><\/p>\n<p style=\"text-align: justify;\"><strong style=\"font-style: inherit; text-align: center;\">&nbsp;<\/strong><\/p>\n<p style=\"text-align: justify;\"><strong style=\"font-style: inherit; text-align: center;\">&nbsp;<\/strong><\/p>\n<p style=\"text-align: justify;\"><strong style=\"font-style: inherit; text-align: center;\">Departamentos e Setores<\/strong> <strong style=\"font-style: inherit; text-align: center;\">Vinculados:<\/strong><\/p>\n<p style=\"text-align: justify;\"><strong style=\"font-style: inherit; text-align: center;\">Coordenadoria Municipal da&nbsp; 3\u00b0 Idade<\/strong><\/p>\n<p style=\"text-align: justify;\"><span style=\"font-style: inherit; font-weight: inherit; text-align: center;\">Ramal: 233<\/span><\/p>\n<p style=\"text-align: justify;\"><span style=\"font-style: inherit; font-weight: inherit; text-align: center;\">Coordenadora: Marcia Eliane Dalmolin<\/span><\/p>\n<p style=\"text-align: justify;\"><strong style=\"font-style: inherit; text-align: center;\">&nbsp;<\/strong><\/p>\n<p style=\"text-align: justify;\"><strong style=\"font-style: inherit; text-align: center;\">&nbsp;<\/strong><\/p>\n<p style=\"text-align: justify;\"><strong style=\"font-style: inherit; text-align: center;\">Conselhos vinculados:<\/strong><\/p>\n<ul>\n<li style=\"text-align: justify;\"><span style=\"font-style: inherit; font-weight: inherit; text-align: center;\">Conselho Municipal de Assist\u00eancia Social<\/span><\/li>\n<\/ul>\n<p style=\"text-align: justify;\"><span style=\"font-style: inherit; font-weight: inherit; text-align: center;\">Presidente: Rosiane Rode<\/span><\/p>\n<ul>\n<li style=\"text-align: justify;\"><span style=\"font-style: inherit; font-weight: inherit; text-align: center;\">Conselho Municipal dos Direitos da Crian\u00e7a e do Adolescente&nbsp; &nbsp; &nbsp; &nbsp; &nbsp;<\/span><\/li>\n<\/ul>\n<p style=\"text-align: justify;\"><span style=\"font-style: inherit; font-weight: inherit; text-align: center;\">Presidente: Roberto Pohlmann<\/span><\/p>\t\t\t\t\t\t\t\t<\/div>\n\t\t\t\t<\/div>\n\t\t\t\t\t<\/div>\n\t\t<\/div>\n\t\t\t\t\t<\/div>\n\t\t<\/section>\n\t\t\t\t<\/div>\n\t\t","protected":false},"excerpt":{"rendered":"<p>&nbsp; SECRET\u00c1RIO: Diego Batista da Silva BIOGRAFIA: Natural de Sobradinho\/RS, tem 33 anos, reside no bairro Pousada do Sol. \u00c9 [&hellip;]<\/p>\n","protected":false},"author":2,"featured_media":0,"parent":0,"menu_order":0,"comment_status":"closed","ping_status":"closed","template":"","meta":{"_eb_attr":"","site-sidebar-layout":"default","site-content-layout":"","ast-site-content-layout":"default","site-content-style":"default","site-sidebar-style":"default","ast-global-header-display":"","ast-banner-title-visibility":"","ast-main-header-display":"","ast-hfb-above-header-display":"","ast-hfb-below-header-display":"","ast-hfb-mobile-header-display":"","site-post-title":"","ast-breadcrumbs-content":"","ast-featured-img":"","footer-sml-layout":"","theme-transparent-header-meta":"","adv-header-id-meta":"","stick-header-meta":"","header-above-stick-meta":"","header-main-stick-meta":"","header-below-stick-meta":"","astra-migrate-meta-layouts":"default","ast-page-background-enabled":"default","ast-page-background-meta":{"desktop":{"background-color":"var(--ast-global-color-4)","background-image":"","background-repeat":"repeat","background-position":"center center","background-size":"auto","background-attachment":"scroll","background-type":"","background-media":"","overlay-type":"","overlay-color":"","overlay-opacity":"","overlay-gradient":""},"tablet":{"background-color":"","background-image":"","background-repeat":"repeat","background-position":"center center","background-size":"auto","background-attachment":"scroll","background-type":"","background-media":"","overlay-type":"","overlay-color":"","overlay-opacity":"","overlay-gradient":""},"mobile":{"background-color":"","background-image":"","background-repeat":"repeat","background-position":"center center","background-size":"auto","background-attachment":"scroll","background-type":"","background-media":"","overlay-type":"","overlay-color":"","overlay-opacity":"","overlay-gradient":""}},"ast-content-background-meta":{"desktop":{"background-color":"var(--ast-global-color-5)","background-image":"","background-repeat":"repeat","background-position":"center center","background-size":"auto","background-attachment":"scroll","background-type":"","background-media":"","overlay-type":"","overlay-color":"","overlay-opacity":"","overlay-gradient":""},"tablet":{"background-color":"var(--ast-global-color-5)","background-image":"","background-repeat":"repeat","background-position":"center center","background-size":"auto","background-attachment":"scroll","background-type":"","background-media":"","overlay-type":"","overlay-color":"","overlay-opacity":"","overlay-gradient":""},"mobile":{"background-color":"var(--ast-global-color-5)","background-image":"","background-repeat":"repeat","background-position":"center center","background-size":"auto","background-attachment":"scroll","background-type":"","background-media":"","overlay-type":"","overlay-color":"","overlay-opacity":"","overlay-gradient":""}},"footnotes":""},"class_list":["post-2481","page","type-page","status-publish","hentry"],"_links":{"self":[{"href":"http:\/\/www.sobradinho.rs.gov.br\/portal\/index.php?rest_route=\/wp\/v2\/pages\/2481","targetHints":{"allow":["GET"]}}],"collection":[{"href":"http:\/\/www.sobradinho.rs.gov.br\/portal\/index.php?rest_route=\/wp\/v2\/pages"}],"about":[{"href":"http:\/\/www.sobradinho.rs.gov.br\/portal\/index.php?rest_route=\/wp\/v2\/types\/page"}],"author":[{"embeddable":true,"href":"http:\/\/www.sobradinho.rs.gov.br\/portal\/index.php?rest_route=\/wp\/v2\/users\/2"}],"replies":[{"embeddable":true,"href":"http:\/\/www.sobradinho.rs.gov.br\/portal\/index.php?rest_route=%2Fwp%2Fv2%2Fcomments&post=2481"}],"version-history":[{"count":24,"href":"http:\/\/www.sobradinho.rs.gov.br\/portal\/index.php?rest_route=\/wp\/v2\/pages\/2481\/revisions"}],"predecessor-version":[{"id":19178,"href":"http:\/\/www.sobradinho.rs.gov.br\/portal\/index.php?rest_route=\/wp\/v2\/pages\/2481\/revisions\/19178"}],"wp:attachment":[{"href":"http:\/\/www.sobradinho.rs.gov.br\/portal\/index.php?rest_route=%2Fwp%2Fv2%2Fmedia&parent=2481"}],"curies":[{"name":"wp","href":"https:\/\/api.w.org\/{rel}","templated":true}]}}