{"id":2809,"date":"2019-02-06T10:22:21","date_gmt":"2019-02-06T12:22:21","guid":{"rendered":"http:\/\/sobradinho.rs.gov.br\/portal\/?page_id=2809"},"modified":"2025-07-11T16:23:04","modified_gmt":"2025-07-11T19:23:04","slug":"perfil","status":"publish","type":"page","link":"http:\/\/www.sobradinho.rs.gov.br\/portal\/?page_id=2809","title":{"rendered":"Perfil"},"content":{"rendered":"<h2 style=\"text-align: center;\"><strong>Informa\u00e7\u00f5es Gerais<\/strong><\/h2>\n<p style=\"text-align: center;\"><strong>Nome do Munic\u00edpio:<\/strong> Sobradinho<\/p>\n<p style=\"text-align: center;\"><strong>Associa\u00e7\u00e3o:<\/strong> AMCSERRA<\/p>\n<p style=\"text-align: center;\"><strong>Prefeito:<\/strong> Luiz Affonso Trevisan (MDB)<\/p>\n<p style=\"text-align: center;\"><strong>Vice-Prefeito:<\/strong> Nilo Ivan Wietzke (PDT)<\/p>\n<p style=\"text-align: center;\"><strong>Endere\u00e7o da Prefeitura:<\/strong> Rua General Os\u00f3rio, 200 Centro Cep: 96900-000<\/p>\n<p style=\"text-align: center;\"><strong>Fone:<\/strong> 51 99917 2417<\/p>\n<p style=\"text-align: center;\"><strong>E-mail:<\/strong><a href=\"mailto:administracao@sobradinho-rs.com.br\"> administracao@sobradinho-rs.com.br<\/a>\/ <a href=\"mailto:financas@sobradinho-rs.com.br\">financas@sobradinho-rs.com.br<\/a><\/p>\n<p style=\"text-align: center;\"><strong>CNPJ:<\/strong> 87592861000194<\/p>\n<h2 style=\"text-align: center;\">\u00a0<\/h2>\n<h2 style=\"text-align: center;\"><strong>Informa\u00e7\u00f5es Geogr\u00e1ficas<\/strong><\/h2>\n<p style=\"text-align: center;\"><strong>Dist\u00e2ncia de POA (Km):<\/strong> 236<\/p>\n<p style=\"text-align: center;\"><strong>\u00c1rea em Km2:<\/strong> 130,39<\/p>\n<h2 style=\"text-align: center;\">\u00a0<\/h2>\n<h2 style=\"text-align: center;\"><strong>Informa\u00e7\u00f5es Populacionais<\/strong><\/h2>\n<p style=\"text-align: center;\">Popula\u00e7\u00e3o em 2000: 16.328; em 2003: 14.121; em 2004: 14287; em 2007: 14.162.<\/p>\n\n\n<p><\/p>\n","protected":false},"excerpt":{"rendered":"<p>Informa\u00e7\u00f5es Gerais Nome do Munic\u00edpio: Sobradinho Associa\u00e7\u00e3o: AMCSERRA Prefeito: Luiz Affonso Trevisan (MDB) Vice-Prefeito: Nilo Ivan Wietzke (PDT) Endere\u00e7o da [&hellip;]<\/p>\n","protected":false},"author":2,"featured_media":0,"parent":0,"menu_order":0,"comment_status":"closed","ping_status":"closed","template":"","meta":{"_eb_attr":"","site-sidebar-layout":"default","site-content-layout":"","ast-site-content-layout":"default","site-content-style":"default","site-sidebar-style":"default","ast-global-header-display":"","ast-banner-title-visibility":"","ast-main-header-display":"","ast-hfb-above-header-display":"","ast-hfb-below-header-display":"","ast-hfb-mobile-header-display":"","site-post-title":"","ast-breadcrumbs-content":"","ast-featured-img":"","footer-sml-layout":"","theme-transparent-header-meta":"","adv-header-id-meta":"","stick-header-meta":"","header-above-stick-meta":"","header-main-stick-meta":"","header-below-stick-meta":"","astra-migrate-meta-layouts":"default","ast-page-background-enabled":"default","ast-page-background-meta":{"desktop":{"background-color":"var(--ast-global-color-4)","background-image":"","background-repeat":"repeat","background-position":"center center","background-size":"auto","background-attachment":"scroll","background-type":"","background-media":"","overlay-type":"","overlay-color":"","overlay-opacity":"","overlay-gradient":""},"tablet":{"background-color":"","background-image":"","background-repeat":"repeat","background-position":"center center","background-size":"auto","background-attachment":"scroll","background-type":"","background-media":"","overlay-type":"","overlay-color":"","overlay-opacity":"","overlay-gradient":""},"mobile":{"background-color":"","background-image":"","background-repeat":"repeat","background-position":"center center","background-size":"auto","background-attachment":"scroll","background-type":"","background-media":"","overlay-type":"","overlay-color":"","overlay-opacity":"","overlay-gradient":""}},"ast-content-background-meta":{"desktop":{"background-color":"var(--ast-global-color-5)","background-image":"","background-repeat":"repeat","background-position":"center center","background-size":"auto","background-attachment":"scroll","background-type":"","background-media":"","overlay-type":"","overlay-color":"","overlay-opacity":"","overlay-gradient":""},"tablet":{"background-color":"var(--ast-global-color-5)","background-image":"","background-repeat":"repeat","background-position":"center center","background-size":"auto","background-attachment":"scroll","background-type":"","background-media":"","overlay-type":"","overlay-color":"","overlay-opacity":"","overlay-gradient":""},"mobile":{"background-color":"var(--ast-global-color-5)","background-image":"","background-repeat":"repeat","background-position":"center center","background-size":"auto","background-attachment":"scroll","background-type":"","background-media":"","overlay-type":"","overlay-color":"","overlay-opacity":"","overlay-gradient":""}},"footnotes":""},"class_list":["post-2809","page","type-page","status-publish","hentry"],"_links":{"self":[{"href":"http:\/\/www.sobradinho.rs.gov.br\/portal\/index.php?rest_route=\/wp\/v2\/pages\/2809","targetHints":{"allow":["GET"]}}],"collection":[{"href":"http:\/\/www.sobradinho.rs.gov.br\/portal\/index.php?rest_route=\/wp\/v2\/pages"}],"about":[{"href":"http:\/\/www.sobradinho.rs.gov.br\/portal\/index.php?rest_route=\/wp\/v2\/types\/page"}],"author":[{"embeddable":true,"href":"http:\/\/www.sobradinho.rs.gov.br\/portal\/index.php?rest_route=\/wp\/v2\/users\/2"}],"replies":[{"embeddable":true,"href":"http:\/\/www.sobradinho.rs.gov.br\/portal\/index.php?rest_route=%2Fwp%2Fv2%2Fcomments&post=2809"}],"version-history":[{"count":10,"href":"http:\/\/www.sobradinho.rs.gov.br\/portal\/index.php?rest_route=\/wp\/v2\/pages\/2809\/revisions"}],"predecessor-version":[{"id":19537,"href":"http:\/\/www.sobradinho.rs.gov.br\/portal\/index.php?rest_route=\/wp\/v2\/pages\/2809\/revisions\/19537"}],"wp:attachment":[{"href":"http:\/\/www.sobradinho.rs.gov.br\/portal\/index.php?rest_route=%2Fwp%2Fv2%2Fmedia&parent=2809"}],"curies":[{"name":"wp","href":"https:\/\/api.w.org\/{rel}","templated":true}]}}

<h2 style="text-align: center;"><strong>Informações Gerais</strong></h2>
<p style="text-align: center;"><strong>Nome do Município:</strong> Sobradinho</p>
<p style="text-align: center;"><strong>Associação:</strong> AMCSERRA</p>
<p style="text-align: center;"><strong>Prefeito:</strong> Luiz Affonso Trevisan (MDB)</p>
<p style="text-align: center;"><strong>Vice-Prefeito:</strong> Nilo Ivan Wietzke (PDT)</p>
<p style="text-align: center;"><strong>Endereço da Prefeitura:</strong> Rua General Osório, 200 Centro Cep: 96900-000</p>
<p style="text-align: center;"><strong>Fone:</strong> 51 99917 2417</p>
<p style="text-align: center;"><strong>E-mail:</strong><a href="mailto:administracao@sobradinho-rs.com.br"> administracao@sobradinho-rs.com.br</a>/ <a href="mailto:financas@sobradinho-rs.com.br">financas@sobradinho-rs.com.br</a></p>
<p style="text-align: center;"><strong>CNPJ:</strong> 87592861000194</p>
<h2 style="text-align: center;"> </h2>
<h2 style="text-align: center;"><strong>Informações Geográficas</strong></h2>
<p style="text-align: center;"><strong>Distância de POA (Km):</strong> 236</p>
<p style="text-align: center;"><strong>Área em Km2:</strong> 130,39</p>
<h2 style="text-align: center;"> </h2>
<h2 style="text-align: center;"><strong>Informações Populacionais</strong></h2>
<p style="text-align: center;">População em 2000: 16.328; em 2003: 14.121; em 2004: 14287; em 2007: 14.162.</p>


<p></p>

<p>Informações Gerais Nome do Município: Sobradinho Associação: AMCSERRA Prefeito: Luiz Affonso Trevisan (MDB) Vice-Prefeito: Nilo Ivan Wietzke (PDT) Endereço da [&hellip;]</p>
