{"id":2989,"date":"2019-03-18T16:34:16","date_gmt":"2019-03-18T19:34:16","guid":{"rendered":"http:\/\/sobradinho.rs.gov.br\/portal\/?page_id=2989"},"modified":"2019-03-18T16:37:51","modified_gmt":"2019-03-18T19:37:51","slug":"licitacoes-2019-1","status":"publish","type":"page","link":"http:\/\/www.sobradinho.rs.gov.br\/portal\/?page_id=2989","title":{"rendered":"licita\u00e7\u00f5es 2019-1"},"content":{"rendered":"<div class=\"sdm_download_item \"><div class=\"sdm_download_item_top\"><div class=\"sdm_download_thumbnail\"><\/div><div class=\"sdm_download_title\">ATA DE AN\u00c1LISE DAS AMOSTRAS DOS PRODUTOS REFERENTES AO PREG\u00c3O PRESENCIAL N\u00ba60\/2019\u2013 AQUISI\u00c7\u00c3O DE G\u00caNEROS ALIMENT\u00cdCIOS.<\/div><\/div><div style=\"clear:both;\"><\/div><div class=\"sdm_download_description\"><\/div><div class=\"sdm_download_link\"><span class=\"sdm_download_button\"><a href=\"http:\/\/www.sobradinho.rs.gov.br\/portal\/?sdm_process_download=1&download_id=6014\" class=\"sdm_download grey\" title=\"ATA DE AN\u00c1LISE DAS AMOSTRAS DOS PRODUTOS REFERENTES AO PREG\u00c3O PRESENCIAL N\u00ba60\/2019\u2013 AQUISI\u00c7\u00c3O DE G\u00caNEROS ALIMENT\u00cdCIOS.\" target=\"_self\">Baixar agora!<\/a><\/span><span class=\"sdm_download_item_count\"><span class=\"sdm_item_count_number\">898<\/span><span class=\"sdm_item_count_string\"> Downloads<\/span><\/span><\/div><\/div><div class=\"sdm_download_item \"><div class=\"sdm_download_item_top\"><div class=\"sdm_download_thumbnail\"><\/div><div class=\"sdm_download_title\">Preg\u00e3o Presencial RP 61\/2019-Aquisi\u00e7\u00e3o eventual de g\u00e1s de cozinha<\/div><\/div><div style=\"clear:both;\"><\/div><div class=\"sdm_download_description\"><\/div><div class=\"sdm_download_link\"><span class=\"sdm_download_button\"><a href=\"http:\/\/www.sobradinho.rs.gov.br\/portal\/?sdm_process_download=1&download_id=5890\" class=\"sdm_download grey\" title=\"Preg\u00e3o Presencial RP 61\/2019-Aquisi\u00e7\u00e3o eventual de g\u00e1s de cozinha\" target=\"_self\">Baixar agora!<\/a><\/span><span class=\"sdm_download_item_count\"><span class=\"sdm_item_count_number\">865<\/span><span class=\"sdm_item_count_string\"> Downloads<\/span><\/span><\/div><\/div><div class=\"sdm_download_item \"><div class=\"sdm_download_item_top\"><div class=\"sdm_download_thumbnail\"><\/div><div class=\"sdm_download_title\">Preg\u00e3o Presencial RP 60\/2019-Aquisi\u00e7\u00e3o de g\u00eaneros aliment\u00edcios para uso nas EMEIS, EMEFS e Projetos Sociais<\/div><\/div><div style=\"clear:both;\"><\/div><div class=\"sdm_download_description\"><\/div><div class=\"sdm_download_link\"><span class=\"sdm_download_button\"><a href=\"http:\/\/www.sobradinho.rs.gov.br\/portal\/?sdm_process_download=1&download_id=5871\" class=\"sdm_download grey\" title=\"Preg\u00e3o Presencial RP 60\/2019-Aquisi\u00e7\u00e3o de g\u00eaneros aliment\u00edcios para uso nas EMEIS, EMEFS e Projetos Sociais\" target=\"_self\">Baixar agora!<\/a><\/span><span class=\"sdm_download_item_count\"><span class=\"sdm_item_count_number\">1055<\/span><span class=\"sdm_item_count_string\"> Downloads<\/span><\/span><\/div><\/div><div class=\"sdm_download_item \"><div class=\"sdm_download_item_top\"><div class=\"sdm_download_thumbnail\"><\/div><div class=\"sdm_download_title\">Edital de Preg\u00e3o Presencial RP 59\/2019 Aquisi\u00e7\u00e3o eventual de combust\u00edveis atrav\u00eas de Postos de Combust\u00edvel para uso na frota municipal para o ano de 2020<\/div><\/div><div style=\"clear:both;\"><\/div><div class=\"sdm_download_description\"><\/div><div class=\"sdm_download_link\"><span class=\"sdm_download_button\"><a href=\"http:\/\/www.sobradinho.rs.gov.br\/portal\/?sdm_process_download=1&download_id=5594\" class=\"sdm_download grey\" title=\"Edital de Preg\u00e3o Presencial RP 59\/2019 Aquisi\u00e7\u00e3o eventual de combust\u00edveis atrav\u00eas de Postos de Combust\u00edvel para uso na frota municipal para o ano de 2020\" target=\"_self\">Baixar agora!<\/a><\/span><span class=\"sdm_download_item_count\"><span class=\"sdm_item_count_number\">962<\/span><span class=\"sdm_item_count_string\"> Downloads<\/span><\/span><\/div><\/div><div class=\"sdm_download_item \"><div class=\"sdm_download_item_top\"><div class=\"sdm_download_thumbnail\"><\/div><div class=\"sdm_download_title\">Edital de Chamamento P\u00fablico 03\/2019- Lei 13019\/2014<\/div><\/div><div style=\"clear:both;\"><\/div><div class=\"sdm_download_description\"><\/div><div class=\"sdm_download_link\"><span class=\"sdm_download_button\"><a href=\"http:\/\/www.sobradinho.rs.gov.br\/portal\/?sdm_process_download=1&download_id=5573\" class=\"sdm_download grey\" title=\"Edital de Chamamento P\u00fablico 03\/2019- Lei 13019\/2014\" target=\"_self\">Baixar agora!<\/a><\/span><span class=\"sdm_download_item_count\"><span class=\"sdm_item_count_number\">914<\/span><span class=\"sdm_item_count_string\"> Downloads<\/span><\/span><\/div><\/div><div class=\"sdm_download_item \"><div class=\"sdm_download_item_top\"><div class=\"sdm_download_thumbnail\"><\/div><div class=\"sdm_download_title\">Esclarecimento 03 Preg\u00e3o Presencial 57\/2019<\/div><\/div><div style=\"clear:both;\"><\/div><div class=\"sdm_download_description\"><\/div><div class=\"sdm_download_link\"><span class=\"sdm_download_button\"><a href=\"http:\/\/www.sobradinho.rs.gov.br\/portal\/?sdm_process_download=1&download_id=5541\" class=\"sdm_download grey\" title=\"Esclarecimento 03 Preg\u00e3o Presencial 57\/2019\" target=\"_self\">Baixar agora!<\/a><\/span><span class=\"sdm_download_item_count\"><span class=\"sdm_item_count_number\">857<\/span><span class=\"sdm_item_count_string\"> Downloads<\/span><\/span><\/div><\/div><div class=\"sdm_download_item \"><div class=\"sdm_download_item_top\"><div class=\"sdm_download_thumbnail\"><\/div><div class=\"sdm_download_title\">Esclarecimento 04- Preg\u00e3o Presencial 57\/2019<\/div><\/div><div style=\"clear:both;\"><\/div><div class=\"sdm_download_description\"><\/div><div class=\"sdm_download_link\"><span class=\"sdm_download_button\"><a href=\"http:\/\/www.sobradinho.rs.gov.br\/portal\/?sdm_process_download=1&download_id=5525\" class=\"sdm_download grey\" title=\"Esclarecimento 04- Preg\u00e3o Presencial 57\/2019\" target=\"_self\">Baixar agora!<\/a><\/span><span class=\"sdm_download_item_count\"><span class=\"sdm_item_count_number\">859<\/span><span class=\"sdm_item_count_string\"> Downloads<\/span><\/span><\/div><\/div><div class=\"sdm_download_item \"><div class=\"sdm_download_item_top\"><div class=\"sdm_download_thumbnail\"><\/div><div class=\"sdm_download_title\">ESCLARECIMENTO 02- PREG\u00c3O PRESENCIAL 57\/2019<\/div><\/div><div style=\"clear:both;\"><\/div><div class=\"sdm_download_description\"><\/div><div class=\"sdm_download_link\"><span class=\"sdm_download_button\"><a href=\"http:\/\/www.sobradinho.rs.gov.br\/portal\/?sdm_process_download=1&download_id=5484\" class=\"sdm_download grey\" title=\"ESCLARECIMENTO 02- PREG\u00c3O PRESENCIAL 57\/2019\" target=\"_self\">Baixar agora!<\/a><\/span><span class=\"sdm_download_item_count\"><span class=\"sdm_item_count_number\">902<\/span><span class=\"sdm_item_count_string\"> Downloads<\/span><\/span><\/div><\/div><div class=\"sdm_download_item \"><div class=\"sdm_download_item_top\"><div class=\"sdm_download_thumbnail\"><\/div><div class=\"sdm_download_title\">Esclarecimento Preg\u00e3o Presencial RP 57\/2019<\/div><\/div><div style=\"clear:both;\"><\/div><div class=\"sdm_download_description\"><\/div><div class=\"sdm_download_link\"><span class=\"sdm_download_button\"><a href=\"http:\/\/www.sobradinho.rs.gov.br\/portal\/?sdm_process_download=1&download_id=5439\" class=\"sdm_download grey\" title=\"Esclarecimento Preg\u00e3o Presencial RP 57\/2019\" target=\"_self\">Baixar agora!<\/a><\/span><span class=\"sdm_download_item_count\"><span class=\"sdm_item_count_number\">964<\/span><span class=\"sdm_item_count_string\"> Downloads<\/span><\/span><\/div><\/div><div class=\"sdm_download_item \"><div class=\"sdm_download_item_top\"><div class=\"sdm_download_thumbnail\"><\/div><div class=\"sdm_download_title\">Edital de Preg\u00e3o Presencial n\u00ba 58\/2019 Objeto: Aquisi\u00e7\u00e3o de material el\u00e9trico para uso na Constru\u00e7\u00e3o de Rede El\u00e9trica para Instala\u00e7\u00e3o do Britador em Linha Herval.<\/div><\/div><div style=\"clear:both;\"><\/div><div class=\"sdm_download_description\"><\/div><div class=\"sdm_download_link\"><span class=\"sdm_download_button\"><a href=\"http:\/\/www.sobradinho.rs.gov.br\/portal\/?sdm_process_download=1&download_id=5438\" class=\"sdm_download grey\" title=\"Edital de Preg\u00e3o Presencial n\u00ba 58\/2019 Objeto: Aquisi\u00e7\u00e3o de material el\u00e9trico para uso na Constru\u00e7\u00e3o de Rede El\u00e9trica para Instala\u00e7\u00e3o do Britador em Linha Herval.\" target=\"_self\">Baixar agora!<\/a><\/span><span class=\"sdm_download_item_count\"><span class=\"sdm_item_count_number\">896<\/span><span class=\"sdm_item_count_string\"> Downloads<\/span><\/span><\/div><\/div><div class=\"sdm_download_item \"><div class=\"sdm_download_item_top\"><div class=\"sdm_download_thumbnail\"><\/div><div class=\"sdm_download_title\">EDITAL DE PREG\u00c3O PRESENCIAL PARA REGISTRO DE PRE\u00c7OS N\u00ba 57\/2019 aquisi\u00e7\u00e3o de material e instrumental odontol\u00f3gico para uso nos Consult\u00f3rios Odontol\u00f3gicos da Secretaria de Sa\u00fade.<\/div><\/div><div style=\"clear:both;\"><\/div><div class=\"sdm_download_description\"><p><a href=\"http:\/\/sobradinho.rs.gov.br\/portal\/wp-content\/uploads\/2019\/11\/PREGAO-ODONTO-57.pdf\">PREGAO ODONTO 57<\/a><\/p>\n<\/div><div class=\"sdm_download_link\"><span class=\"sdm_download_button\"><a href=\"http:\/\/www.sobradinho.rs.gov.br\/portal\/?sdm_process_download=1&download_id=5400\" class=\"sdm_download grey\" title=\"EDITAL DE PREG\u00c3O PRESENCIAL PARA REGISTRO DE PRE\u00c7OS N\u00ba 57\/2019 aquisi\u00e7\u00e3o de material e instrumental odontol\u00f3gico para uso nos Consult\u00f3rios Odontol\u00f3gicos da Secretaria de Sa\u00fade.\" target=\"_self\">Baixar agora!<\/a><\/span><span class=\"sdm_download_item_count\"><span class=\"sdm_item_count_number\">944<\/span><span class=\"sdm_item_count_string\"> Downloads<\/span><\/span><\/div><\/div><div class=\"sdm_download_item \"><div class=\"sdm_download_item_top\"><div class=\"sdm_download_thumbnail\"><\/div><div class=\"sdm_download_title\">Preg\u00e3o Presencial 56\/2019- Aquisi\u00e7\u00e3o de material el\u00e9trico para uso na Constru\u00e7\u00e3o de Rede El\u00e9trica para Instala\u00e7\u00e3o do Britador em Linha Herval. Tipo de julgamento: menor pre\u00e7o global.<\/div><\/div><div style=\"clear:both;\"><\/div><div class=\"sdm_download_description\"><\/div><div class=\"sdm_download_link\"><span class=\"sdm_download_button\"><a href=\"http:\/\/www.sobradinho.rs.gov.br\/portal\/?sdm_process_download=1&download_id=5304\" class=\"sdm_download grey\" title=\"Preg\u00e3o Presencial 56\/2019- Aquisi\u00e7\u00e3o de material el\u00e9trico para uso na Constru\u00e7\u00e3o de Rede El\u00e9trica para Instala\u00e7\u00e3o do Britador em Linha Herval. Tipo de julgamento: menor pre\u00e7o global.\" target=\"_self\">Baixar agora!<\/a><\/span><span class=\"sdm_download_item_count\"><span class=\"sdm_item_count_number\">857<\/span><span class=\"sdm_item_count_string\"> Downloads<\/span><\/span><\/div><\/div><div class=\"sdm_download_item \"><div class=\"sdm_download_item_top\"><div class=\"sdm_download_thumbnail\"><\/div><div class=\"sdm_download_title\">Preg\u00e3o Presencial 55\/2019(Corrigido)- RP-Aquisi\u00e7\u00e3o eventual de Lumin\u00e1rias para uso nas Pra\u00e7as e Ruas do Munic\u00edpio de Sobradinho\/RS<\/div><\/div><div style=\"clear:both;\"><\/div><div class=\"sdm_download_description\"><\/div><div class=\"sdm_download_link\"><span class=\"sdm_download_button\"><a href=\"http:\/\/www.sobradinho.rs.gov.br\/portal\/?sdm_process_download=1&download_id=5258\" class=\"sdm_download grey\" title=\"Preg\u00e3o Presencial 55\/2019(Corrigido)- RP-Aquisi\u00e7\u00e3o eventual de Lumin\u00e1rias para uso nas Pra\u00e7as e Ruas do Munic\u00edpio de Sobradinho\/RS\" target=\"_self\">Baixar agora!<\/a><\/span><span class=\"sdm_download_item_count\"><span class=\"sdm_item_count_number\">889<\/span><span class=\"sdm_item_count_string\"> Downloads<\/span><\/span><\/div><\/div><div class=\"sdm_download_item \"><div class=\"sdm_download_item_top\"><div class=\"sdm_download_thumbnail\"><\/div><div class=\"sdm_download_title\">Esclarecimento Preg\u00e3o Presencial 52\/2019<\/div><\/div><div style=\"clear:both;\"><\/div><div class=\"sdm_download_description\"><p><a href=\"http:\/\/sobradinho.rs.gov.br\/portal\/wp-content\/uploads\/2019\/10\/ESCLARECIMENTO-01.pdf\">ESCLARECIMENTO 01<\/a><\/p>\n<\/div><div class=\"sdm_download_link\"><span class=\"sdm_download_button\"><a href=\"http:\/\/www.sobradinho.rs.gov.br\/portal\/?sdm_process_download=1&download_id=5160\" class=\"sdm_download grey\" title=\"Esclarecimento Preg\u00e3o Presencial 52\/2019\" target=\"_self\">Baixar agora!<\/a><\/span><span class=\"sdm_download_item_count\"><span class=\"sdm_item_count_number\">967<\/span><span class=\"sdm_item_count_string\"> Downloads<\/span><\/span><\/div><\/div><div class=\"sdm_download_item \"><div class=\"sdm_download_item_top\"><div class=\"sdm_download_thumbnail\"><\/div><div class=\"sdm_download_title\">ESCLARECIMENTO PREGAO PRESENCIAL 52\/2019<\/div><\/div><div style=\"clear:both;\"><\/div><div class=\"sdm_download_description\"><\/div><div class=\"sdm_download_link\"><span class=\"sdm_download_button\"><a href=\"http:\/\/www.sobradinho.rs.gov.br\/portal\/?sdm_process_download=1&download_id=5112\" class=\"sdm_download grey\" title=\"ESCLARECIMENTO PREGAO PRESENCIAL 52\/2019\" target=\"_self\">Baixar agora!<\/a><\/span><span class=\"sdm_download_item_count\"><span class=\"sdm_item_count_number\">951<\/span><span class=\"sdm_item_count_string\"> Downloads<\/span><\/span><\/div><\/div><div class=\"sdm_download_item \"><div class=\"sdm_download_item_top\"><div class=\"sdm_download_thumbnail\"><\/div><div class=\"sdm_download_title\">Publica\u00e7\u00e3o das datas corretas- Pregoes Presenciais 52,53 e 54\/2019<\/div><\/div><div style=\"clear:both;\"><\/div><div class=\"sdm_download_description\"><\/div><div class=\"sdm_download_link\"><span class=\"sdm_download_button\"><a href=\"http:\/\/www.sobradinho.rs.gov.br\/portal\/?sdm_process_download=1&download_id=5043\" class=\"sdm_download grey\" title=\"Publica\u00e7\u00e3o das datas corretas- Pregoes Presenciais 52,53 e 54\/2019\" target=\"_self\">Baixar agora!<\/a><\/span><span class=\"sdm_download_item_count\"><span class=\"sdm_item_count_number\">917<\/span><span class=\"sdm_item_count_string\"> Downloads<\/span><\/span><\/div><\/div><div class=\"sdm_download_item \"><div class=\"sdm_download_item_top\"><div class=\"sdm_download_thumbnail\"><\/div><div class=\"sdm_download_title\">Preg\u00e3o Presencial 54\/2019 Registro de Pre\u00e7os para aquisi\u00e7\u00e3o eventual de material hidr\u00e1ulico e el\u00e9trico<\/div><\/div><div style=\"clear:both;\"><\/div><div class=\"sdm_download_description\"><\/div><div class=\"sdm_download_link\"><span class=\"sdm_download_button\"><a href=\"http:\/\/www.sobradinho.rs.gov.br\/portal\/?sdm_process_download=1&download_id=5041\" class=\"sdm_download grey\" title=\"Preg\u00e3o Presencial 54\/2019 Registro de Pre\u00e7os para aquisi\u00e7\u00e3o eventual de material hidr\u00e1ulico e el\u00e9trico\" target=\"_self\">Baixar agora!<\/a><\/span><span class=\"sdm_download_item_count\"><span class=\"sdm_item_count_number\">920<\/span><span class=\"sdm_item_count_string\"> Downloads<\/span><\/span><\/div><\/div><div class=\"sdm_download_item \"><div class=\"sdm_download_item_top\"><div class=\"sdm_download_thumbnail\"><\/div><div class=\"sdm_download_title\">ATA REGISTRO DE PRE\u00c7OS PREG\u00c3O 47\/2019- MEDICAMENTOS<\/div><\/div><div style=\"clear:both;\"><\/div><div class=\"sdm_download_description\"><\/div><div class=\"sdm_download_link\"><span class=\"sdm_download_button\"><a href=\"http:\/\/www.sobradinho.rs.gov.br\/portal\/?sdm_process_download=1&download_id=4986\" class=\"sdm_download grey\" title=\"ATA REGISTRO DE PRE\u00c7OS PREG\u00c3O 47\/2019- MEDICAMENTOS\" target=\"_self\">Baixar agora!<\/a><\/span><span class=\"sdm_download_item_count\"><span class=\"sdm_item_count_number\">930<\/span><span class=\"sdm_item_count_string\"> Downloads<\/span><\/span><\/div><\/div><div class=\"sdm_download_item \"><div class=\"sdm_download_item_top\"><div class=\"sdm_download_thumbnail\"><\/div><div class=\"sdm_download_title\">Preg\u00e3o Presencial 53\/2019- Aquisi\u00e7\u00e3o de P\u00f3 de Brita<\/div><\/div><div style=\"clear:both;\"><\/div><div class=\"sdm_download_description\"><\/div><div class=\"sdm_download_link\"><span class=\"sdm_download_button\"><a href=\"http:\/\/www.sobradinho.rs.gov.br\/portal\/?sdm_process_download=1&download_id=4984\" class=\"sdm_download grey\" title=\"Preg\u00e3o Presencial 53\/2019- Aquisi\u00e7\u00e3o de P\u00f3 de Brita\" target=\"_self\">Baixar agora!<\/a><\/span><span class=\"sdm_download_item_count\"><span class=\"sdm_item_count_number\">1110<\/span><span class=\"sdm_item_count_string\"> Downloads<\/span><\/span><\/div><\/div><div class=\"sdm_download_item \"><div class=\"sdm_download_item_top\"><div class=\"sdm_download_thumbnail\"><\/div><div class=\"sdm_download_title\">Preg\u00e3o Presencial 52\/2019- Registro de Pre\u00e7os para Presta\u00e7\u00e3o eventual de servi\u00e7os t\u00e9cnicos profissionais de Veterin\u00e1ria M\u00e9dica para esteriliza\u00e7\u00e3o cir\u00fargica(castra\u00e7\u00e3o) em f\u00eameas caninas do munic\u00edpio de Sobradinho\/RS<\/div><\/div><div style=\"clear:both;\"><\/div><div class=\"sdm_download_description\"><\/div><div class=\"sdm_download_link\"><span class=\"sdm_download_button\"><a href=\"http:\/\/www.sobradinho.rs.gov.br\/portal\/?sdm_process_download=1&download_id=4982\" class=\"sdm_download grey\" title=\"Preg\u00e3o Presencial 52\/2019- Registro de Pre\u00e7os para Presta\u00e7\u00e3o eventual de servi\u00e7os t\u00e9cnicos profissionais de Veterin\u00e1ria M\u00e9dica para esteriliza\u00e7\u00e3o cir\u00fargica(castra\u00e7\u00e3o) em f\u00eameas caninas do munic\u00edpio de Sobradinho\/RS\" target=\"_self\">Baixar agora!<\/a><\/span><span class=\"sdm_download_item_count\"><span class=\"sdm_item_count_number\">978<\/span><span class=\"sdm_item_count_string\"> Downloads<\/span><\/span><\/div><\/div><div class=\"sdm_clear_float\"><\/div><div class=\"sdm_pagination\"><span aria-current=\"page\" class=\"page-numbers current\">1<\/span>\n<a class=\"page-numbers\" href=\"http:\/\/www.sobradinho.rs.gov.br\/portal\/index.php#038;paged=2\">2<\/a>\n<a class=\"page-numbers\" href=\"http:\/\/www.sobradinho.rs.gov.br\/portal\/index.php#038;paged=3\">3<\/a>\n<span class=\"page-numbers dots\">&hellip;<\/span>\n<a class=\"page-numbers\" href=\"http:\/\/www.sobradinho.rs.gov.br\/portal\/index.php#038;paged=5\">5<\/a>\n<a class=\"next page-numbers\" href=\"http:\/\/www.sobradinho.rs.gov.br\/portal\/index.php#038;paged=2\">&raquo;<\/a><\/div>\n","protected":false},"excerpt":{"rendered":"","protected":false},"author":1,"featured_media":0,"parent":0,"menu_order":0,"comment_status":"closed","ping_status":"closed","template":"","meta":{"_eb_attr":"","site-sidebar-layout":"default","site-content-layout":"","ast-site-content-layout":"default","site-content-style":"default","site-sidebar-style":"default","ast-global-header-display":"","ast-banner-title-visibility":"","ast-main-header-display":"","ast-hfb-above-header-display":"","ast-hfb-below-header-display":"","ast-hfb-mobile-header-display":"","site-post-title":"","ast-breadcrumbs-content":"","ast-featured-img":"","footer-sml-layout":"","theme-transparent-header-meta":"","adv-header-id-meta":"","stick-header-meta":"","header-above-stick-meta":"","header-main-stick-meta":"","header-below-stick-meta":"","astra-migrate-meta-layouts":"default","ast-page-background-enabled":"default","ast-page-background-meta":{"desktop":{"background-color":"var(--ast-global-color-4)","background-image":"","background-repeat":"repeat","background-position":"center center","background-size":"auto","background-attachment":"scroll","background-type":"","background-media":"","overlay-type":"","overlay-color":"","overlay-opacity":"","overlay-gradient":""},"tablet":{"background-color":"","background-image":"","background-repeat":"repeat","background-position":"center center","background-size":"auto","background-attachment":"scroll","background-type":"","background-media":"","overlay-type":"","overlay-color":"","overlay-opacity":"","overlay-gradient":""},"mobile":{"background-color":"","background-image":"","background-repeat":"repeat","background-position":"center center","background-size":"auto","background-attachment":"scroll","background-type":"","background-media":"","overlay-type":"","overlay-color":"","overlay-opacity":"","overlay-gradient":""}},"ast-content-background-meta":{"desktop":{"background-color":"var(--ast-global-color-5)","background-image":"","background-repeat":"repeat","background-position":"center center","background-size":"auto","background-attachment":"scroll","background-type":"","background-media":"","overlay-type":"","overlay-color":"","overlay-opacity":"","overlay-gradient":""},"tablet":{"background-color":"var(--ast-global-color-5)","background-image":"","background-repeat":"repeat","background-position":"center center","background-size":"auto","background-attachment":"scroll","background-type":"","background-media":"","overlay-type":"","overlay-color":"","overlay-opacity":"","overlay-gradient":""},"mobile":{"background-color":"var(--ast-global-color-5)","background-image":"","background-repeat":"repeat","background-position":"center center","background-size":"auto","background-attachment":"scroll","background-type":"","background-media":"","overlay-type":"","overlay-color":"","overlay-opacity":"","overlay-gradient":""}},"footnotes":""},"class_list":["post-2989","page","type-page","status-publish","hentry"],"_links":{"self":[{"href":"http:\/\/www.sobradinho.rs.gov.br\/portal\/index.php?rest_route=\/wp\/v2\/pages\/2989","targetHints":{"allow":["GET"]}}],"collection":[{"href":"http:\/\/www.sobradinho.rs.gov.br\/portal\/index.php?rest_route=\/wp\/v2\/pages"}],"about":[{"href":"http:\/\/www.sobradinho.rs.gov.br\/portal\/index.php?rest_route=\/wp\/v2\/types\/page"}],"author":[{"embeddable":true,"href":"http:\/\/www.sobradinho.rs.gov.br\/portal\/index.php?rest_route=\/wp\/v2\/users\/1"}],"replies":[{"embeddable":true,"href":"http:\/\/www.sobradinho.rs.gov.br\/portal\/index.php?rest_route=%2Fwp%2Fv2%2Fcomments&post=2989"}],"version-history":[{"count":2,"href":"http:\/\/www.sobradinho.rs.gov.br\/portal\/index.php?rest_route=\/wp\/v2\/pages\/2989\/revisions"}],"predecessor-version":[{"id":2993,"href":"http:\/\/www.sobradinho.rs.gov.br\/portal\/index.php?rest_route=\/wp\/v2\/pages\/2989\/revisions\/2993"}],"wp:attachment":[{"href":"http:\/\/www.sobradinho.rs.gov.br\/portal\/index.php?rest_route=%2Fwp%2Fv2%2Fmedia&parent=2989"}],"curies":[{"name":"wp","href":"https:\/\/api.w.org\/{rel}","templated":true}]}}