{"id":18263,"date":"2024-12-27T14:03:47","date_gmt":"2024-12-27T17:03:47","guid":{"rendered":"http:\/\/www.sobradinho.rs.gov.br\/portal\/?page_id=18263"},"modified":"2024-12-27T14:52:20","modified_gmt":"2024-12-27T17:52:20","slug":"transicao-de-governo-2024-2025","status":"publish","type":"page","link":"https:\/\/www.sobradinho.rs.gov.br\/portal\/?page_id=18263","title":{"rendered":"Transi\u00e7\u00e3o de Governo 2024-2025"},"content":{"rendered":"<div class=\"sdm_download_item \"><div class=\"sdm_download_item_top\"><div class=\"sdm_download_thumbnail\"><\/div><div class=\"sdm_download_title\">SOLICITA\u00c7\u00d5ES, RECOMENDA\u00c7\u00d5ES E PEDIDOS DE INFORMA\u00c7\u00d5ES<\/div><\/div><div style=\"clear:both;\"><\/div><div class=\"sdm_download_description\"><p>SOLICITA\u00c7\u00d5ES, RECOMENDA\u00c7\u00d5ES E PEDIDOS DE INFORMA\u00c7\u00d5ES.<\/p>\n<\/div><div class=\"sdm_download_link\"><span class=\"sdm_download_button\"><a href=\"https:\/\/www.sobradinho.rs.gov.br\/portal\/?sdm_process_download=1&download_id=18284\" class=\"sdm_download grey\" title=\"SOLICITA\u00c7\u00d5ES, RECOMENDA\u00c7\u00d5ES E PEDIDOS DE INFORMA\u00c7\u00d5ES\" target=\"_self\">Baixar agora!<\/a><\/span><span class=\"sdm_download_item_count\"><span class=\"sdm_item_count_number\">298<\/span><span class=\"sdm_item_count_string\"> Downloads<\/span><\/span><\/div><\/div><div class=\"sdm_download_item \"><div class=\"sdm_download_item_top\"><div class=\"sdm_download_thumbnail\"><\/div><div class=\"sdm_download_title\">LEGISLA\u00c7\u00c3O<\/div><\/div><div style=\"clear:both;\"><\/div><div class=\"sdm_download_description\"><p><a href=\"http:\/\/www.sobradinho.rs.gov.br\/portal\/wp-content\/uploads\/2024\/12\/DECRETO-7926.2024-INSTITUI-COMISSAO-DE-TRANSICAO-DE-GOVERNO.pdf\">DECRETO 7926\/2024 &#8211; INSTITUI COMISS\u00c3O DE TRANSI\u00c7\u00c3O DE GOVERNO.<\/a><\/p>\n<p><a href=\"http:\/\/www.sobradinho.rs.gov.br\/portal\/wp-content\/uploads\/2024\/12\/PORTARIA-2080.2024-MEMBROS-COMISSAO-DE-TRANSICAO-DE-GOVERNO-PREFEITO-EM-EXERCICIO.pdf\">PORTARIA 2080\/2024 &#8211; DESIGNA OS MEMBROS E O COORDENADOR DA COMISS\u00c3O DE TRANSI\u00c7\u00c3O DE GOVERNO INDICADOS PELO PREFEITO EM EXERC\u00cdCIO, NOS TERMOS DO DECRETO MUNICIPAL N\u00ba 7.926, DE 22 DE OUTUBRO DE 2024.<\/a><\/p>\n<p><a href=\"http:\/\/www.sobradinho.rs.gov.br\/portal\/wp-content\/uploads\/2024\/12\/PORTARIA-2081.2024-MEMBROS-COMISSAO-DE-TRANSICAO-DE-GOVERNO-PREFEITO-EM-EXERCICIO-E-PREFEITO-ELEITO.pdf\">PORTARIA 2081\/2024 &#8211; CONSTITUI A COMISS\u00c3O DE TRANSI\u00c7\u00c3O DE GOVERNO INSTITU\u00cdDA PELO DECRETO MUNICIPAL N\u00ba 7.926, DE 22 DE OUTUBRO DE 2024.<\/a><\/p>\n<p><a href=\"http:\/\/www.sobradinho.rs.gov.br\/portal\/wp-content\/uploads\/2024\/12\/PORTARIA-2209.2024-ALTERA-MEMBROS-COMISSAO-DE-TRANSICAO-DE-GOVERNO-PREFEITO-ELEITO.pdf\">PORTARIA 2209\/2024 &#8211; ALTERA A PORTARIA N\u00ba 2.081, DE 22 DE OUTUBRO DE 2024, QUE CONSTITUI A COMISS\u00c3O DE TRANSI\u00c7\u00c3O DE GOVERNO INSTITU\u00cdDA PELO DECRETO MUNICIPAL N\u00ba 7.926, DE 22 DE OUTUBRO DE 2024.<\/a><\/p>\n<\/div><div class=\"sdm_download_link\"><span class=\"sdm_download_button\"><a href=\"https:\/\/www.sobradinho.rs.gov.br\/portal\/?sdm_process_download=1&download_id=18275\" class=\"sdm_download grey\" title=\"LEGISLA\u00c7\u00c3O\" target=\"_self\">Baixar agora!<\/a><\/span><span class=\"sdm_download_item_count\"><span class=\"sdm_item_count_number\">324<\/span><span class=\"sdm_item_count_string\"> Downloads<\/span><\/span><\/div><\/div><div class=\"sdm_download_item \"><div class=\"sdm_download_item_top\"><div class=\"sdm_download_thumbnail\"><\/div><div class=\"sdm_download_title\">ATAS DE REUNI\u00c3O<\/div><\/div><div style=\"clear:both;\"><\/div><div class=\"sdm_download_description\"><p><a href=\"http:\/\/www.sobradinho.rs.gov.br\/portal\/wp-content\/uploads\/2024\/12\/ATA-01.2024.pdf\">ATA 01\/2024<\/a><\/p>\n<p><a href=\"http:\/\/www.sobradinho.rs.gov.br\/portal\/wp-content\/uploads\/2024\/12\/ATA-02.2024.pdf\">ATA 02\/2024<\/a><\/p>\n<p><a href=\"http:\/\/www.sobradinho.rs.gov.br\/portal\/wp-content\/uploads\/2024\/12\/ATA-03.2024.pdf\">ATA 03\/2024<\/a><\/p>\n<p><a href=\"http:\/\/www.sobradinho.rs.gov.br\/portal\/wp-content\/uploads\/2024\/12\/ATA-04.2024.pdf\">ATA 04\/2024<\/a><\/p>\n<p><a href=\"http:\/\/www.sobradinho.rs.gov.br\/portal\/wp-content\/uploads\/2024\/12\/ATA-05.2024.pdf\">ATA 05\/2024<\/a><\/p>\n<p><a href=\"http:\/\/www.sobradinho.rs.gov.br\/portal\/wp-content\/uploads\/2024\/12\/ATA-06.2024.pdf\">ATA 06\/2024<\/a><\/p>\n<p><a href=\"http:\/\/www.sobradinho.rs.gov.br\/portal\/wp-content\/uploads\/2024\/12\/ATA-07.2024.pdf\">ATA 07\/2024<\/a><\/p>\n<p><a href=\"http:\/\/www.sobradinho.rs.gov.br\/portal\/wp-content\/uploads\/2024\/12\/ATA-08.2024.pdf\">ATA 08\/2024<\/a><\/p>\n<\/div><div class=\"sdm_download_link\"><span class=\"sdm_download_button\"><a href=\"https:\/\/www.sobradinho.rs.gov.br\/portal\/?sdm_process_download=1&download_id=18267\" class=\"sdm_download grey\" title=\"ATAS DE REUNI\u00c3O\" target=\"_self\">Baixar agora!<\/a><\/span><span class=\"sdm_download_item_count\"><span class=\"sdm_item_count_number\">337<\/span><span class=\"sdm_item_count_string\"> Downloads<\/span><\/span><\/div><\/div><div class=\"sdm_clear_float\"><\/div><div class=\"sdm_pagination\"><\/div>\n","protected":false},"excerpt":{"rendered":"","protected":false},"author":2,"featured_media":0,"parent":0,"menu_order":0,"comment_status":"closed","ping_status":"closed","template":"","meta":{"_eb_attr":"","site-sidebar-layout":"default","site-content-layout":"","ast-site-content-layout":"default","site-content-style":"default","site-sidebar-style":"default","ast-global-header-display":"","ast-banner-title-visibility":"","ast-main-header-display":"","ast-hfb-above-header-display":"","ast-hfb-below-header-display":"","ast-hfb-mobile-header-display":"","site-post-title":"","ast-breadcrumbs-content":"","ast-featured-img":"","footer-sml-layout":"","theme-transparent-header-meta":"","adv-header-id-meta":"","stick-header-meta":"","header-above-stick-meta":"","header-main-stick-meta":"","header-below-stick-meta":"","astra-migrate-meta-layouts":"default","ast-page-background-enabled":"default","ast-page-background-meta":{"desktop":{"background-color":"var(--ast-global-color-4)","background-image":"","background-repeat":"repeat","background-position":"center center","background-size":"auto","background-attachment":"scroll","background-type":"","background-media":"","overlay-type":"","overlay-color":"","overlay-opacity":"","overlay-gradient":""},"tablet":{"background-color":"","background-image":"","background-repeat":"repeat","background-position":"center center","background-size":"auto","background-attachment":"scroll","background-type":"","background-media":"","overlay-type":"","overlay-color":"","overlay-opacity":"","overlay-gradient":""},"mobile":{"background-color":"","background-image":"","background-repeat":"repeat","background-position":"center center","background-size":"auto","background-attachment":"scroll","background-type":"","background-media":"","overlay-type":"","overlay-color":"","overlay-opacity":"","overlay-gradient":""}},"ast-content-background-meta":{"desktop":{"background-color":"var(--ast-global-color-5)","background-image":"","background-repeat":"repeat","background-position":"center center","background-size":"auto","background-attachment":"scroll","background-type":"","background-media":"","overlay-type":"","overlay-color":"","overlay-opacity":"","overlay-gradient":""},"tablet":{"background-color":"var(--ast-global-color-5)","background-image":"","background-repeat":"repeat","background-position":"center center","background-size":"auto","background-attachment":"scroll","background-type":"","background-media":"","overlay-type":"","overlay-color":"","overlay-opacity":"","overlay-gradient":""},"mobile":{"background-color":"var(--ast-global-color-5)","background-image":"","background-repeat":"repeat","background-position":"center center","background-size":"auto","background-attachment":"scroll","background-type":"","background-media":"","overlay-type":"","overlay-color":"","overlay-opacity":"","overlay-gradient":""}},"footnotes":""},"class_list":["post-18263","page","type-page","status-publish","hentry"],"_links":{"self":[{"href":"https:\/\/www.sobradinho.rs.gov.br\/portal\/index.php?rest_route=\/wp\/v2\/pages\/18263","targetHints":{"allow":["GET"]}}],"collection":[{"href":"https:\/\/www.sobradinho.rs.gov.br\/portal\/index.php?rest_route=\/wp\/v2\/pages"}],"about":[{"href":"https:\/\/www.sobradinho.rs.gov.br\/portal\/index.php?rest_route=\/wp\/v2\/types\/page"}],"author":[{"embeddable":true,"href":"https:\/\/www.sobradinho.rs.gov.br\/portal\/index.php?rest_route=\/wp\/v2\/users\/2"}],"replies":[{"embeddable":true,"href":"https:\/\/www.sobradinho.rs.gov.br\/portal\/index.php?rest_route=%2Fwp%2Fv2%2Fcomments&post=18263"}],"version-history":[{"count":2,"href":"https:\/\/www.sobradinho.rs.gov.br\/portal\/index.php?rest_route=\/wp\/v2\/pages\/18263\/revisions"}],"predecessor-version":[{"id":18274,"href":"https:\/\/www.sobradinho.rs.gov.br\/portal\/index.php?rest_route=\/wp\/v2\/pages\/18263\/revisions\/18274"}],"wp:attachment":[{"href":"https:\/\/www.sobradinho.rs.gov.br\/portal\/index.php?rest_route=%2Fwp%2Fv2%2Fmedia&parent=18263"}],"curies":[{"name":"wp","href":"https:\/\/api.w.org\/{rel}","templated":true}]}}